000
CDUS41 KRLX 032117
CLIHTS


CLIMATE REPORT
NATIONAL WEATHER SERVICE CHARLESTON WV
516 PM EDT SUN MAY 3 2015


...................................

...THE HUNTINGTON WV CLIMATE SUMMARY FOR MAY 3 2015...
VALID TODAY AS OF 0500 PM LOCAL TIME.

CLIMATE NORMAL PERIOD 1981 TO 2010
CLIMATE RECORD PERIOD 1897 TO 2015


WEATHER ITEM   OBSERVED TIME   RECORD YEAR NORMAL DEPARTURE LAST
                VALUE   (LST)  VALUE       VALUE  FROM      YEAR
                                                  NORMAL
..................................................................
TEMPERATURE (F)
 TODAY
  MAXIMUM         78    318 PM  90    1942  73      5       71
                                      1902
                                      1899
  MINIMUM         43    556 AM  31    1900  49     -6       43
  AVERAGE         61                        61      0       57

PRECIPITATION (IN)
  TODAY            0.00          1.09 2011   0.14  -0.14     0.00
  MONTH TO DATE    0.00                      0.41  -0.41      T
  SINCE MAR 1     13.90                      7.75   6.15     9.62
  SINCE JAN 1     19.34                     13.79   5.55    16.98

DEGREE DAYS
 HEATING
  TODAY            4                         5     -1        8
  MONTH TO DATE   20                        17      3       29
  SINCE MAR 1    922                       904     18      979
  SINCE JUL 1   4938                      4405    533     4740

 COOLING
  TODAY            0                         1     -1        0
  MONTH TO DATE    0                         3     -3        0
  SINCE MAR 1      9                        35    -26       14
  SINCE JAN 1      9                        35    -26       14
..................................................................


WIND (MPH)
  HIGHEST WIND SPEED    14   HIGHEST WIND DIRECTION     S (190)
  HIGHEST GUST SPEED    20   HIGHEST GUST DIRECTION     S (200)
  AVERAGE WIND SPEED     3.3


SKY COVER
  POSSIBLE SUNSHINE  MM
  AVERAGE SKY COVER 0.0


WEATHER CONDITIONS
 THE FOLLOWING WEATHER WAS RECORDED TODAY.
  FOG


RELATIVE HUMIDITY (PERCENT)
 HIGHEST   100           600 AM
 LOWEST     25           300 PM
 AVERAGE    63

..........................................................


THE HUNTINGTON WV CLIMATE NORMALS FOR TOMORROW
                         NORMAL    RECORD    YEAR
 MAXIMUM TEMPERATURE (F)   73        93      1959
 MINIMUM TEMPERATURE (F)   50        30      1986


SUNRISE AND SUNSET
MAY  3 2015...........SUNRISE   631 AM EDT   SUNSET   823 PM EDT
MAY  4 2015...........SUNRISE   630 AM EDT   SUNSET   824 PM EDT


-  INDICATES NEGATIVE NUMBERS.
R  INDICATES RECORD WAS SET OR TIED.
MM INDICATES DATA IS MISSING.
T  INDICATES TRACE AMOUNT.




$$
