000
CDUS43 KIND 280532
CLIHUF


CLIMATE REPORT
NATIONAL WEATHER SERVICE INDIANAPOLIS IN
132 AM EDT TUE APR 28 2015


...................................

...THE TERRE HAUTE IN CLIMATE SUMMARY FOR APRIL 27 2015...

CLIMATE NORMAL PERIOD 1981 TO 2010
CLIMATE RECORD PERIOD 9999 TO 9999


WEATHER ITEM   OBSERVED TIME   NORMAL DEPARTURE LAST
                VALUE   (LST)  VALUE  FROM      YEAR
                                      NORMAL
......................................................
TEMPERATURE (F)
 YESTERDAY
  MAXIMUM         60    301 PM  68     -8       76
  MINIMUM         37    539 AM  46     -9       55
  AVERAGE         49            57     -8       66

PRECIPITATION (IN)
  YESTERDAY        0.00          0.19  -0.19     0.04
  MONTH TO DATE    4.57          3.39   1.18     5.23
  SINCE MAR 1      7.97          6.76   1.21     6.98
  SINCE JAN 1     10.87         11.05  -0.18    11.01

DEGREE DAYS
 HEATING
  YESTERDAY       16             9      7        0
  MONTH TO DATE  277           342    -65      296
  SINCE MAR 1   1080          1033     47     1158
  SINCE JUL 1   5714          5196    518     5893

 COOLING
  YESTERDAY        0             1     -1        1
  MONTH TO DATE    6            13     -7        6
  SINCE MAR 1      6            14     -8        6
  SINCE JAN 1      6            14     -8        6
......................................................


WIND (MPH)
  HIGHEST WIND SPEED    21   HIGHEST WIND DIRECTION     N (20)
  HIGHEST GUST SPEED    29   HIGHEST GUST DIRECTION    NW (320)
  AVERAGE WIND SPEED    10.2


SKY COVER
  AVERAGE SKY COVER 0.1


WEATHER CONDITIONS
 THE FOLLOWING WEATHER WAS RECORDED YESTERDAY.
  NO SIGNIFICANT WEATHER WAS OBSERVED.


RELATIVE HUMIDITY (PERCENT)
 HIGHEST    76           500 AM
 LOWEST     44           400 PM
 AVERAGE    60

..........................................................


THE TERRE HAUTE IN CLIMATE NORMALS FOR TODAY
                         NORMAL
 MAXIMUM TEMPERATURE (F)   68
 MINIMUM TEMPERATURE (F)   46


SUNRISE AND SUNSET
APRIL 28 2015.........SUNRISE   654 AM EDT   SUNSET   840 PM EDT
APRIL 29 2015.........SUNRISE   653 AM EDT   SUNSET   841 PM EDT


-  INDICATES NEGATIVE NUMBERS.
R  INDICATES RECORD WAS SET OR TIED.
MM INDICATES DATA IS MISSING.
T  INDICATES TRACE AMOUNT.




$$
