000
CDUS45 KVEF 070825
CLIIGM


CLIMATE REPORT
NATIONAL WEATHER SERVICE LAS VEGAS, NV
125 AM PDT THU MAY 7 2015


...................................

...THE KINGMAN AZ CLIMATE SUMMARY FOR MAY 6 2015...

CLIMATE NORMAL PERIOD 1981 TO 2010
CLIMATE RECORD PERIOD 1901 TO 2015


WEATHER ITEM   OBSERVED TIME   RECORD YEAR NORMAL DEPARTURE LAST
                VALUE   (LST)  VALUE       VALUE  FROM      YEAR
                                                  NORMAL
..................................................................
TEMPERATURE (F)
 YESTERDAY
  MAXIMUM         78    357 PM  98    1947  81     -3       69
  MINIMUM         47    530 AM  32    1978  50     -3       49
  AVERAGE         63                        66     -3       59

PRECIPITATION (IN)
  YESTERDAY        0.00          0.46 1992   0.00   0.00     0.00
  MONTH TO DATE    0.08                      0.06   0.02     0.00
  SINCE OCT 1      5.02                      5.49  -0.47     1.67
  SINCE JAN 1      2.89                      3.39  -0.50     0.79

DEGREE DAYS
 HEATING
  YESTERDAY        2                         3     -1        6
  MONTH TO DATE    4                        19    -15        7
  SINCE MAR 1    466                       652   -186      477
  SINCE JUL 1   2446                      3065   -619     2799

 COOLING
  YESTERDAY        0                         3     -3        0
  MONTH TO DATE   21                        17      4       27
  SINCE MAR 1     39                        48     -9       60
  SINCE JAN 1     39                        48     -9       60
..................................................................


WIND (MPH)
  RESULTANT WIND SPEED  12   RESULTANT WIND DIRECTION  SW (210)
  HIGHEST WIND SPEED    28   HIGHEST WIND DIRECTION    SW (220)
  HIGHEST GUST SPEED    36   HIGHEST GUST DIRECTION    SW (210)
  AVERAGE WIND SPEED    13.6


SKY COVER
  POSSIBLE SUNSHINE  MM
  AVERAGE SKY COVER 0.0


WEATHER CONDITIONS
 THE FOLLOWING WEATHER WAS RECORDED YESTERDAY.
  NO SIGNIFICANT WEATHER WAS OBSERVED.


RELATIVE HUMIDITY (PERCENT)
 HIGHEST    56           600 AM
 LOWEST     16           500 PM
 AVERAGE    36

..........................................................


THE KINGMAN AZ CLIMATE NORMALS FOR TODAY
                         NORMAL    RECORD    YEAR
 MAXIMUM TEMPERATURE (F)   82        96      1947
 MINIMUM TEMPERATURE (F)   50        32      1995


SUNRISE AND SUNSET
MAY  7 2015...........SUNRISE   539 AM MST   SUNSET   727 PM MST
MAY  8 2015...........SUNRISE   538 AM MST   SUNSET   727 PM MST


-  INDICATES NEGATIVE NUMBERS.
R  INDICATES RECORD WAS SET OR TIED.
MM INDICATES DATA IS MISSING.
T  INDICATES TRACE AMOUNT.




$$
