000
CDUS43 KILX 181245
CLIILX


CLIMATE REPORT
NATIONAL WEATHER SERVICE LINCOLN IL
745 AM CDT SAT APR 18 2015


...................................

...THE LINCOLN IL CLIMATE SUMMARY FOR APRIL 17 2015...

CLIMATE NORMAL PERIOD 1981 TO 2010
CLIMATE RECORD PERIOD 1905 TO 2015


WEATHER ITEM   OBSERVED TIME   RECORD YEAR NORMAL DEPARTURE LAST
                VALUE   (LST)  VALUE       VALUE  FROM      YEAR
                                                  NORMAL
..................................................................
TEMPERATURE (F)
 YESTERDAY
  MAXIMUM         MM        MM  88    2004  65     MM       60
  MINIMUM         MM        MM  27    1951  41     MM       37
  AVERAGE         MM                        53     MM       49

PRECIPITATION (IN)
  YESTERDAY       MM             2.00 1982   0.13  MM        0.00
  MONTH TO DATE    0.60                      1.92  -1.32     2.02
  SINCE MAR 1      2.15                      4.52  -2.37     3.91
  SINCE JAN 1      4.91                      8.27  -3.36     8.57

SNOWFALL (IN)
  YESTERDAY       MM             2.0  1953   0.1   MM        0.0
  MONTH TO DATE    0.0                       0.3   -0.3       T
  SINCE MAR 1      3.7                       2.0    1.7      4.7
  SINCE JUL 1     21.9                      20.5    1.4     46.3
  SNOW DEPTH      MM

DEGREE DAYS
 HEATING
  YESTERDAY       MM                        13     MM       16
  MONTH TO DATE  128                       261   -133      269
  SINCE MAR 1    953                      1002    -49     1201
  SINCE JUL 1   5890                      5425    465     6445

 COOLING
  YESTERDAY       MM                         0     MM        0
  MONTH TO DATE    0                         0      0        1
  SINCE MAR 1      0                         2     -2        1
  SINCE JAN 1      0                         2     -2        1
..................................................................


WIND (MPH)
  HIGHEST WIND SPEED    MM   HIGHEST WIND DIRECTION    MM
  HIGHEST GUST SPEED    MM   HIGHEST GUST DIRECTION    MM
  AVERAGE WIND SPEED    MM


SKY COVER
  POSSIBLE SUNSHINE  MM


WEATHER CONDITIONS
 THE FOLLOWING WEATHER WAS RECORDED YESTERDAY.
  NO SIGNIFICANT WEATHER WAS OBSERVED.


..........................................................


THE LINCOLN IL CLIMATE NORMALS FOR TODAY
                         NORMAL    RECORD    YEAR
 MAXIMUM TEMPERATURE (F)   65        89      2002
 MINIMUM TEMPERATURE (F)   42        25      1990


SUNRISE AND SUNSET
APRIL 18 2015.........SUNRISE   615 AM CDT   SUNSET   739 PM CDT
APRIL 19 2015.........SUNRISE   614 AM CDT   SUNSET   740 PM CDT


-  INDICATES NEGATIVE NUMBERS.
R  INDICATES RECORD WAS SET OR TIED.
MM INDICATES DATA IS MISSING.
T  INDICATES TRACE AMOUNT.




$$
