000
CDUS43 KDLH 180618
CLIINL


CLIMATE REPORT
NATIONAL WEATHER SERVICE DULUTH MN
118 AM CDT SAT APR 18 2015


...................................

...THE INTERNATIONAL FALLS MN CLIMATE SUMMARY FOR APRIL 17 2015...

CLIMATE NORMAL PERIOD 1981 TO 2010
CLIMATE RECORD PERIOD 1895 TO 2015


WEATHER ITEM   OBSERVED TIME   RECORD YEAR NORMAL DEPARTURE LAST
                VALUE   (LST)  VALUE       VALUE  FROM      YEAR
                                                  NORMAL
..................................................................
TEMPERATURE (F)
 YESTERDAY
  MAXIMUM         72    342 PM  77    1911  53     19       39
  MINIMUM         23    505 AM  11    1953  28     -5       20
  AVERAGE         48                        40      8       30

PRECIPITATION (IN)
  YESTERDAY        0.00          1.13 1910   0.05  -0.05     0.00
  MONTH TO DATE    0.26                      0.77  -0.51     0.36
  SINCE MAR 1      0.90                      1.72  -0.82     1.82
  SINCE JAN 1      2.92                      2.91   0.01     3.57

SNOWFALL (IN)
  YESTERDAY        0.0           4.0  2003   0.2   -0.2      0.0
  MONTH TO DATE    2.0                       4.5   -2.5      2.6
  SINCE MAR 1      5.5                      12.1   -6.6     20.2
  SINCE JUL 1     62.2                      68.9   -6.7     96.6
  SNOW DEPTH       0

DEGREE DAYS
 HEATING
  YESTERDAY       17                        25     -8       35
  MONTH TO DATE  425                       491    -66      578
  SINCE MAR 1   1594                      1774   -180     2184
  SINCE JUL 1   9348                      9357     -9    10615

 COOLING
  YESTERDAY        0                         0      0        0
  MONTH TO DATE    0                         0      0        0
  SINCE MAR 1      0                         0      0        0
  SINCE JAN 1      0                         0      0        0
..................................................................


WIND (MPH)
  HIGHEST WIND SPEED    30   HIGHEST WIND DIRECTION    NW (300)
  HIGHEST GUST SPEED    40   HIGHEST GUST DIRECTION    NW (300)
  AVERAGE WIND SPEED    10.1


SKY COVER
  AVERAGE SKY COVER 0.0


WEATHER CONDITIONS
 THE FOLLOWING WEATHER WAS RECORDED YESTERDAY.
  NO SIGNIFICANT WEATHER WAS OBSERVED.


RELATIVE HUMIDITY (PERCENT)
 HIGHEST    92           100 AM
 LOWEST     14           400 PM
 AVERAGE    53

..........................................................


THE INTERNATIONAL FALLS MN CLIMATE NORMALS FOR TODAY
                         NORMAL    RECORD    YEAR
 MAXIMUM TEMPERATURE (F)   53        88      1987
 MINIMUM TEMPERATURE (F)   28        15      2014
                                             1963


SUNRISE AND SUNSET
APRIL 18 2015.........SUNRISE   618 AM CDT   SUNSET   809 PM CDT
APRIL 19 2015.........SUNRISE   616 AM CDT   SUNSET   810 PM CDT


-  INDICATES NEGATIVE NUMBERS.
R  INDICATES RECORD WAS SET OR TIED.
MM INDICATES DATA IS MISSING.
T  INDICATES TRACE AMOUNT.




$$
