000
CDUS45 KFGZ 270107
CLIINW
CLIMATE REPORT
NATIONAL WEATHER SERVICE FLAGSTAFF, AZ
606 PM MST SUN APR 26 2015


...................................

...THE WINSLOW AZ AIRPORT CLIMATE SUMMARY FOR APRIL 26 2015...
VALID TODAY AS OF 0500 PM LOCAL TIME.

CLIMATE NORMAL PERIOD 1981 TO 2010
CLIMATE RECORD PERIOD 1915 TO 2015


WEATHER ITEM   OBSERVED TIME   RECORD YEAR NORMAL DEPARTURE LAST
                VALUE   (LST)  VALUE       VALUE  FROM      YEAR
                                                  NORMAL
..................................................................
TEMPERATURE (F)
 TODAY
  MAXIMUM         60    326 PM  88    1996  75    -15       58
                                      1927
  MINIMUM         40    540 AM  25    1997  40      0       39
  AVERAGE         50                        57     -7       49

PRECIPITATION (IN)
  TODAY            0.23          0.32 1985   0.00   0.23     0.13
  MONTH TO DATE    0.26                      0.23   0.03     0.16
  SINCE SEP 1      5.40                      4.23   1.17     4.99
  SINCE JAN 1      2.55                      1.75   0.80     1.18

DEGREE DAYS
 HEATING
  TODAY           15                         8      7       16
  MONTH TO DATE  293                       298     -5      253
  SINCE JUL 1   3654                      4351   -697     4111

 COOLING
  TODAY            0                         0      0        0
  MONTH TO DATE    0                         0      0        1
  SINCE JAN 1      0                         0      0        1
..................................................................


WIND (MPH)
  HIGHEST WIND SPEED    25   HIGHEST WIND DIRECTION    NW (330)
  HIGHEST GUST SPEED    34   HIGHEST GUST DIRECTION    NW (330)
  AVERAGE WIND SPEED     9.0


SKY COVER
  POSSIBLE SUNSHINE  MM
  AVERAGE SKY COVER 0.8


WEATHER CONDITIONS
 THE FOLLOWING WEATHER WAS RECORDED TODAY.
  THUNDERSTORM
  RAIN
  LIGHT RAIN
  FOG


RELATIVE HUMIDITY (PERCENT)
 HIGHEST    86           600 AM
 LOWEST     40           300 PM
 AVERAGE    63

..........................................................


THE WINSLOW AZ AIRPORT CLIMATE NORMALS FOR TOMORROW
                         NORMAL    RECORD    YEAR
 MAXIMUM TEMPERATURE (F)   75        91      2000
 MINIMUM TEMPERATURE (F)   40        26      2008
                                             1971


SUNRISE AND SUNSET
APRIL 26 2015.........SUNRISE   538 AM MST   SUNSET   704 PM MST
APRIL 27 2015.........SUNRISE   537 AM MST   SUNSET   705 PM MST


-  INDICATES NEGATIVE NUMBERS.
R  INDICATES RECORD WAS SET OR TIED.
MM INDICATES DATA IS MISSING.
T  INDICATES TRACE AMOUNT.




$$
