000
CDUS43 KDVN 020920
CLIIOW


CLIMATE REPORT
NATIONAL WEATHER SERVICE QUAD CITIES IA IL
419 AM CDT THU APR 2 2015


...................................

...THE IOWA CITY IA CLIMATE SUMMARY FOR APRIL 1 2015...

CLIMATE NORMAL PERIOD 1981 TO 2010
CLIMATE RECORD PERIOD 9999 TO 9999


WEATHER ITEM   OBSERVED TIME   RECORD YEAR NORMAL DEPARTURE LAST
                VALUE   (LST)  VALUE       VALUE  FROM      YEAR
                                                  NORMAL
..................................................................
TEMPERATURE (F)
 YESTERDAY
  MAXIMUM         80    156 PM  MM      MM  57     23       47
  MINIMUM         36    408 AM  MM      MM  35      1       25
  AVERAGE         58                        46     12       36

PRECIPITATION (IN)
  YESTERDAY        0.00         MM      MM   0.07  -0.07     0.00
  MONTH TO DATE    0.00                      0.07  -0.07     0.00
  SINCE MAR 1      0.53                      2.29  -1.76     0.63
  SINCE JAN 1      2.11                      4.45  -2.34     2.46

DEGREE DAYS
 HEATING
  YESTERDAY        7                        19    -12       29
  MONTH TO DATE    7                        19    -12       29
  SINCE MAR 1    851                       836     15     1072
  SINCE JUL 1   6216                      5786    430     6865

 COOLING
  YESTERDAY        0                         0      0        0
  MONTH TO DATE    0                         0      0        0
  SINCE MAR 1      0                         0      0        0
  SINCE JAN 1      0                         0      0        0
..................................................................


WIND (MPH)
  HIGHEST WIND SPEED    30   HIGHEST WIND DIRECTION     S (170)
  HIGHEST GUST SPEED    38   HIGHEST GUST DIRECTION     S (180)
  AVERAGE WIND SPEED    11.8


SKY COVER
  POSSIBLE SUNSHINE  MM
  AVERAGE SKY COVER 0.0


WEATHER CONDITIONS
 THE FOLLOWING WEATHER WAS RECORDED YESTERDAY.
  NO SIGNIFICANT WEATHER WAS OBSERVED.


RELATIVE HUMIDITY (PERCENT)
 HIGHEST    85           400 AM
 LOWEST     19           100 PM
 AVERAGE    52

..........................................................


THE IOWA CITY IA CLIMATE NORMALS FOR TODAY
                         NORMAL    RECORD    YEAR
 MAXIMUM TEMPERATURE (F)   57        MM        MM
 MINIMUM TEMPERATURE (F)   36        MM        MM


SUNRISE AND SUNSET
APRIL  2 2015.........SUNRISE   648 AM CDT   SUNSET   732 PM CDT
APRIL  3 2015.........SUNRISE   646 AM CDT   SUNSET   734 PM CDT


-  INDICATES NEGATIVE NUMBERS.
R  INDICATES RECORD WAS SET OR TIED.
MM INDICATES DATA IS MISSING.
T  INDICATES TRACE AMOUNT.




$$
