000
CDUS41 KCTP 260634
CLIIPT


CLIMATE REPORT
NATIONAL WEATHER SERVICE STATE COLLEGE PA
233 AM EDT SUN APR 26 2015


...................................

...THE WILLIAMSPORT PA CLIMATE SUMMARY FOR APRIL 25 2015...

CLIMATE NORMAL PERIOD 1981 TO 2010
CLIMATE RECORD PERIOD 1895 TO 2015


WEATHER ITEM   OBSERVED TIME   RECORD YEAR NORMAL DEPARTURE LAST
                VALUE   (LST)  VALUE       VALUE  FROM      YEAR
                                                  NORMAL
..................................................................
TEMPERATURE (F)
 YESTERDAY
  MAXIMUM         58    417 PM  93    1925  65     -7       65
  MINIMUM         31    434 AM  26    1956  42    -11       36
  AVERAGE         45                        53     -8       51

PRECIPITATION (IN)
  YESTERDAY        0.00          2.00 1910   0.10  -0.10     0.10
  MONTH TO DATE    4.19                      2.70   1.49     2.02
  SINCE MAR 1      6.56                      5.67   0.89     4.91
  SINCE JAN 1      9.35                     10.71  -1.36     8.71

SNOWFALL (IN)
  YESTERDAY        0.0           T    1983   0.0    0.0      0.0
  MONTH TO DATE    T                         1.1   -1.1       T
  SINCE MAR 1     11.4                       8.0    3.4      0.1
  SINCE JUL 1     44.4                      36.0    8.4     45.9
  SNOW DEPTH       0

DEGREE DAYS
 HEATING
  YESTERDAY       20                        12      8       14
  MONTH TO DATE  380                       403    -23      410
  SINCE MAR 1   1369                      1232    137     1410
  SINCE JUL 1   6006                      5699    307     6242

 COOLING
  YESTERDAY        0                         0      0        0
  MONTH TO DATE    0                         0      0        9
  SINCE MAR 1      0                         0      0        9
  SINCE JAN 1      0                         0      0        9
..................................................................


WIND (MPH)
  HIGHEST WIND SPEED    15   HIGHEST WIND DIRECTION     W (250)
  HIGHEST GUST SPEED    20   HIGHEST GUST DIRECTION     W (270)
  AVERAGE WIND SPEED     6.0


SKY COVER
  POSSIBLE SUNSHINE  MM
  AVERAGE SKY COVER 0.0


WEATHER CONDITIONS
 THE FOLLOWING WEATHER WAS RECORDED YESTERDAY.
  NO SIGNIFICANT WEATHER WAS OBSERVED.


RELATIVE HUMIDITY (PERCENT)
 HIGHEST    69           600 AM
 LOWEST     26           500 PM
 AVERAGE    48

..........................................................


THE WILLIAMSPORT PA CLIMATE NORMALS FOR TODAY
                         NORMAL    RECORD    YEAR
 MAXIMUM TEMPERATURE (F)   65        92      1990
 MINIMUM TEMPERATURE (F)   42        26      1934


SUNRISE AND SUNSET
APRIL 26 2015.........SUNRISE   612 AM EDT   SUNSET   759 PM EDT
APRIL 27 2015.........SUNRISE   611 AM EDT   SUNSET   800 PM EDT


-  INDICATES NEGATIVE NUMBERS.
R  INDICATES RECORD WAS SET OR TIED.
MM INDICATES DATA IS MISSING.
T  INDICATES TRACE AMOUNT.




$$
