000
CDUS41 KCTP 012123
CLIIPT


CLIMATE REPORT
NATIONAL WEATHER SERVICE STATE COLLEGE PA
523 PM EDT WED APR 1 2015


...................................

...THE WILLIAMSPORT PA CLIMATE SUMMARY FOR APRIL 1 2015...
VALID TODAY AS OF 0500 PM LOCAL TIME.

CLIMATE NORMAL PERIOD 1981 TO 2010
CLIMATE RECORD PERIOD 1895 TO 2015


WEATHER ITEM   OBSERVED TIME   RECORD YEAR NORMAL DEPARTURE LAST
                VALUE   (LST)  VALUE       VALUE  FROM      YEAR
                                                  NORMAL
..................................................................
TEMPERATURE (F)
 TODAY
  MAXIMUM         52    421 PM  79    1978  55     -3       58
                                      1943
                                      1917
  MINIMUM         27    713 AM   8    1923  34     -7       27
  AVERAGE         40                        44     -4       43

PRECIPITATION (IN)
  TODAY            0.00          1.14 1904   0.11  -0.11     0.00
  MONTH TO DATE    0.00                      0.11  -0.11     0.00
  SINCE MAR 1      2.37                      3.08  -0.71     2.89
  SINCE JAN 1      5.16                      8.12  -2.96     6.69

SNOWFALL (IN)
  TODAY            0.0           0.3  1991   0.1   -0.1      0.0
  MONTH TO DATE    0.0                       0.1   -0.1      0.0
  SINCE MAR 1     11.4                       7.0    4.4      0.1
  SINCE JUL 1     44.4                      35.0    9.4     45.9
  SNOW DEPTH       2

DEGREE DAYS
 HEATING
  TODAY           25                        21      4       22
  MONTH TO DATE   25                        21      4       22
  SINCE MAR 1   1014                       850    164     1022
  SINCE JUL 1   5651                      5317    334     5854

 COOLING
  TODAY            0                         0      0        0
  MONTH TO DATE    0                         0      0        0
  SINCE MAR 1      0                         0      0        0
  SINCE JAN 1      0                         0      0        0
..................................................................


WIND (MPH)
  HIGHEST WIND SPEED    14   HIGHEST WIND DIRECTION     W (250)
  HIGHEST GUST SPEED    18   HIGHEST GUST DIRECTION     W (250)
  AVERAGE WIND SPEED     7.8


SKY COVER
  POSSIBLE SUNSHINE  MM
  AVERAGE SKY COVER 0.4


WEATHER CONDITIONS
 THE FOLLOWING WEATHER WAS RECORDED TODAY.
  FOG


RELATIVE HUMIDITY (PERCENT)
 HIGHEST   100           200 AM
 LOWEST     36           400 PM
 AVERAGE    68

..........................................................


THE WILLIAMSPORT PA CLIMATE NORMALS FOR TOMORROW
                         NORMAL    RECORD    YEAR
 MAXIMUM TEMPERATURE (F)   55        81      2010
                                             1967
 MINIMUM TEMPERATURE (F)   35        18      1964


SUNRISE AND SUNSET
APRIL  1 2015.........SUNRISE   651 AM EDT   SUNSET   733 PM EDT
APRIL  2 2015.........SUNRISE   650 AM EDT   SUNSET   734 PM EDT


-  INDICATES NEGATIVE NUMBERS.
R  INDICATES RECORD WAS SET OR TIED.
MM INDICATES DATA IS MISSING.
T  INDICATES TRACE AMOUNT.




$$
