000
CDHW43 PHFO 011245
CLIITO


CLIMATE REPORT
NATIONAL WEATHER SERVICE HONOLULU HI
245 AM HST WED APR 1 2015


...................................

...THE HILO HI CLIMATE SUMMARY FOR MARCH 31 2015...

CLIMATE NORMAL PERIOD 1981 TO 2010
CLIMATE RECORD PERIOD 1946 TO 2015


WEATHER ITEM   OBSERVED TIME   RECORD YEAR NORMAL DEPARTURE LAST
                VALUE   (LST)  VALUE       VALUE  FROM      YEAR
                                                  NORMAL
..................................................................
TEMPERATURE (F)
 YESTERDAY
  MAXIMUM         84    110 PM  86    1963  79      5       75
  MINIMUM         68    659 AM  58    1971  65      3       65
  AVERAGE         76                        72      4       70

PRECIPITATION (IN)
  YESTERDAY        T             9.20 1982   0.45  -0.45     3.80
  MONTH TO DATE    8.92                     13.43  -4.51    18.73
  SINCE MAR 1      8.92                     13.43  -4.51    18.73
  SINCE JAN 1     17.01                     32.25 -15.24    26.96

SNOWFALL (IN)
  YESTERDAY        0.0
  MONTH TO DATE    0.0
  SINCE MAR 1      0.0
  SINCE JUL 1      0.0
  SNOW DEPTH       0

DEGREE DAYS
 HEATING
  YESTERDAY        0                         0      0        0
  MONTH TO DATE    0                         0      0        0
  SINCE MAR 1      0                         0      0        0
  SINCE JUL 1      0                         0      0        0

 COOLING
  YESTERDAY       11                         7      4        5
  MONTH TO DATE  241                       211     30      236
  SINCE MAR 1    241                       211     30      236
  SINCE JAN 1    767                       581    186      694
..................................................................


WIND (MPH)
  HIGHEST WIND SPEED    17   HIGHEST WIND DIRECTION    SE (130)
  HIGHEST GUST SPEED    22   HIGHEST GUST DIRECTION     E (80)
  AVERAGE WIND SPEED     7.8


SKY COVER
  POSSIBLE SUNSHINE  MM
  AVERAGE SKY COVER 0.8


WEATHER CONDITIONS
 THE FOLLOWING WEATHER WAS RECORDED YESTERDAY.
  LIGHT RAIN
  FOG


RELATIVE HUMIDITY (PERCENT)
 HIGHEST    90           100 AM
 LOWEST     55           100 PM
 AVERAGE    73

..........................................................


THE HILO HI CLIMATE NORMALS FOR TODAY
                         NORMAL    RECORD    YEAR
 MAXIMUM TEMPERATURE (F)   79        88      1974
 MINIMUM TEMPERATURE (F)   65        60      1956


SUNRISE AND SUNSET
APRIL  1 2015.........SUNRISE   614 AM HST   SUNSET   634 PM HST
APRIL  2 2015.........SUNRISE   613 AM HST   SUNSET   635 PM HST


-  INDICATES NEGATIVE NUMBERS.
R  INDICATES RECORD WAS SET OR TIED.
MM INDICATES DATA IS MISSING.
T  INDICATES TRACE AMOUNT.




$$
