000
CDUS44 KJAN 060733
CLIJAN


CLIMATE REPORT
NATIONAL WEATHER SERVICE JACKSON MS
230 AM CDT WED MAY 6 2015


...................................

...THE JACKSON CLIMATE SUMMARY FOR MAY 5 2015...

CLIMATE NORMAL PERIOD 1981 TO 2010
CLIMATE RECORD PERIOD 1896 TO 2015


WEATHER ITEM   OBSERVED TIME   RECORD YEAR NORMAL DEPARTURE LAST
                VALUE   (LST)  VALUE       VALUE  FROM      YEAR
                                                  NORMAL
..................................................................
TEMPERATURE (F)
 YESTERDAY
  MAXIMUM         85    321 PM  96    1952  80      5       86
  MINIMUM         59    542 AM  44    1978  58      1       55
                                      1957
                                      1954
  AVERAGE         72                        69      3       71

PRECIPITATION (IN)
  YESTERDAY        0.00          4.24 1908   0.14  -0.14     0.00
  MONTH TO DATE    0.00                      0.70  -0.70     0.00
  SINCE MAR 1     11.02                     10.70   0.32    18.17
  SINCE JAN 1     21.22                     20.43   0.79    25.22

SNOWFALL (IN)
  YESTERDAY        0.0           0.0    MM   0.0    0.0      0.0
  MONTH TO DATE    0.0                       0.0    0.0      0.0
  SINCE MAR 1      0.3                       0.1    0.2       T
  SINCE JUL 1      0.3                       0.8   -0.5      0.8

DEGREE DAYS
 HEATING
  YESTERDAY        0                         1     -1        0
  MONTH TO DATE    2                         5     -3       11
  SINCE MAR 1    227                       392   -165      469
  SINCE JUL 1   2353                      2384    -31     2735

 COOLING
  YESTERDAY        7                         5      2        6
  MONTH TO DATE   14                        24    -10       11
  SINCE MAR 1    190                       132     58       94
  SINCE JAN 1    190                       142     48      100
..................................................................


WIND (MPH)
  HIGHEST WIND SPEED    20   HIGHEST WIND DIRECTION    SE (140)
  HIGHEST GUST SPEED    26   HIGHEST GUST DIRECTION    SE (140)
  AVERAGE WIND SPEED     7.4


SKY COVER
  POSSIBLE SUNSHINE  MM
  AVERAGE SKY COVER 0.2


WEATHER CONDITIONS
 THE FOLLOWING WEATHER WAS RECORDED YESTERDAY.
  NO SIGNIFICANT WEATHER WAS OBSERVED.


RELATIVE HUMIDITY (PERCENT)
 HIGHEST    93           400 AM
 LOWEST     34           100 PM
 AVERAGE    64

..........................................................


THE JACKSON CLIMATE NORMALS FOR TODAY
                         NORMAL    RECORD    YEAR
 MAXIMUM TEMPERATURE (F)   81        96      1952
 MINIMUM TEMPERATURE (F)   59        43      1957


SUNRISE AND SUNSET
MAY  6 2015...........SUNRISE   610 AM CDT   SUNSET   745 PM CDT
MAY  7 2015...........SUNRISE   609 AM CDT   SUNSET   746 PM CDT


-  INDICATES NEGATIVE NUMBERS.
R  INDICATES RECORD WAS SET OR TIED.
MM INDICATES DATA IS MISSING.
T  INDICATES TRACE AMOUNT.

&&

AT 2 AM:

THE PEARL RIVER STAGE AT JACKSON WAS 4 FEET. THE RIVER REMAINED STEADY OVER
THE LAST 24 HOURS.

THE MISSISSIPPI RIVER STAGE AT VICKSBURG WAS 40.5 FEET. THE RIVER HAS FALLEN
0.7 FEET OVER THE LAST 24 HOURS.

$$
