000
CDUS45 KBOI 270931
CLIJER


CLIMATE REPORT
NATIONAL WEATHER SERVICE BOISE ID
331 AM MDT MON APR 27 2015


...................................

...THE JEROME ID CLIMATE SUMMARY FOR APRIL 26 2015...

CLIMATE NORMAL PERIOD 1981 TO 2010
CLIMATE RECORD PERIOD 1919 TO 2015


WEATHER ITEM   OBSERVED TIME   RECORD YEAR NORMAL DEPARTURE LAST
                VALUE   (LST)  VALUE       VALUE  FROM      YEAR
                                                  NORMAL
..................................................................
TEMPERATURE (F)
 YESTERDAY
  MAXIMUM         58    418 PM  88    1977  61     -3       53
  MINIMUM         33    646 AM  24    1922  37     -4       34
  AVERAGE         46                        49     -3       44

PRECIPITATION (IN)
  YESTERDAY        0.00          0.50 2012   0.05  -0.05     0.00
  MONTH TO DATE    0.17                      1.14  -0.97     0.64
  SINCE OCT 1      4.91                      7.68  -2.77     4.89
  SINCE JAN 1      2.01                      4.16  -2.15     4.29

DEGREE DAYS
 HEATING
  YESTERDAY       19                        16      3       21
  MONTH TO DATE  466                       486    -20      435
  SINCE MAR 1   1021                      1255   -234     1135
  SINCE JUL 1   5063                      6142  -1079     5803

 COOLING
  YESTERDAY        0                         0      0        0
  MONTH TO DATE    0                         0      0        0
  SINCE MAR 1      0                         0      0        0
  SINCE JAN 1      0                         0      0        0
..................................................................


WIND (MPH)
  HIGHEST WIND SPEED    32   HIGHEST WIND DIRECTION    SW (240)
  HIGHEST GUST SPEED    38   HIGHEST GUST DIRECTION     W (250)
  AVERAGE WIND SPEED    20.1


SKY COVER
  AVERAGE SKY COVER 0.0


WEATHER CONDITIONS
 THE FOLLOWING WEATHER WAS RECORDED YESTERDAY.
  NO SIGNIFICANT WEATHER WAS OBSERVED.


RELATIVE HUMIDITY (PERCENT)
 HIGHEST    76          1200 AM
 LOWEST     24           600 PM
 AVERAGE    50

..........................................................


THE JEROME ID CLIMATE NORMALS FOR TODAY
                         NORMAL    RECORD    YEAR
 MAXIMUM TEMPERATURE (F)   61        86      1992
 MINIMUM TEMPERATURE (F)   37        24      1984


SUNRISE AND SUNSET
APRIL 27 2015.........SUNRISE   638 AM MDT   SUNSET   833 PM MDT
APRIL 28 2015.........SUNRISE   637 AM MDT   SUNSET   835 PM MDT


-  INDICATES NEGATIVE NUMBERS.
R  INDICATES RECORD WAS SET OR TIED.
MM INDICATES DATA IS MISSING.
T  INDICATES TRACE AMOUNT.




$$
