000
CDAK47 PAJK 181234
CLIJNU
AKZ025-190000-
CLIMATE REPORT
NATIONAL WEATHER SERVICE JUNEAU, AK
432 AM AKDT SAT APR 18 2015


...................................

...THE JUNEAU CLIMATE SUMMARY FOR APRIL 17 2015...

CLIMATE NORMAL PERIOD 1981 TO 2010
CLIMATE RECORD PERIOD 1943 TO 2015


WEATHER ITEM   OBSERVED TIME   RECORD YEAR NORMAL DEPARTURE LAST
                VALUE   (LST)  VALUE       VALUE  FROM      YEAR
                                                  NORMAL
..................................................................
TEMPERATURE (F)
 YESTERDAY
  MAXIMUM         47    339 PM  60    1953  49     -2       50
  MINIMUM         37   1013 PM  21    2008  34      3       38
  AVERAGE         42                        41      1       44

PRECIPITATION (IN)
  YESTERDAY        0.14          0.63 1983   0.09   0.05     0.16
  MONTH TO DATE    3.97                      1.70   2.27     2.07
  SINCE MAR 1      8.49                      5.48   3.01     5.52
  SINCE JAN 1     24.09                     14.96   9.13    17.65

SNOWFALL (IN)
  YESTERDAY        0.0           7.5  2008   0.0    0.0      0.0
  MONTH TO DATE    T                         0.9   -0.9      0.3
  SINCE MAR 1      9.9                      12.5   -2.6      6.3
  SINCE JUL 1     48.6                      86.5  -37.9     97.1
  SNOW DEPTH       0

DEGREE DAYS
 HEATING
  YESTERDAY       23                        24     -1       21
  MONTH TO DATE  413                       440    -27      439
  SINCE MAR 1   1270                      1407   -137     1471
  SINCE JUL 1   6491                      7244   -753     7112

 COOLING
  YESTERDAY        0                         0      0        0
  MONTH TO DATE    0                         0      0        0
  SINCE MAR 1      0                         0      0        0
  SINCE JAN 1      0                         0      0        0
..................................................................


WIND (MPH)
  HIGHEST WIND SPEED    18   HIGHEST WIND DIRECTION     W (270)
  HIGHEST GUST SPEED    22   HIGHEST GUST DIRECTION     W (260)
  AVERAGE WIND SPEED     7.3


SKY COVER
  POSSIBLE SUNSHINE  MM
  AVERAGE SKY COVER 0.8


WEATHER CONDITIONS
 THE FOLLOWING WEATHER WAS RECORDED YESTERDAY.
  LIGHT RAIN
  FOG
  HAZE


RELATIVE HUMIDITY (PERCENT)
 HIGHEST    92           100 AM
 LOWEST     76           500 PM
 AVERAGE    84

..........................................................


THE JUNEAU CLIMATE NORMALS FOR TODAY
                         NORMAL    RECORD    YEAR
 MAXIMUM TEMPERATURE (F)   49        59      2012
                                             1993
 MINIMUM TEMPERATURE (F)   34        17      2008


SUNRISE AND SUNSET
APRIL 18 2015.........SUNRISE   539 AM AKDT  SUNSET   818 PM AKDT
APRIL 19 2015.........SUNRISE   536 AM AKDT  SUNSET   821 PM AKDT


-  INDICATES NEGATIVE NUMBERS.
R  INDICATES RECORD WAS SET OR TIED.
MM INDICATES DATA IS MISSING.
T  INDICATES TRACE AMOUNT.




$$


&&
----------------------------
AMOUNT OF DAYLIGHT TODAY  (HOUR:MIN)........14:40
GAIN/LOSS SINCE YESTERDAY (HOUR:MIN:SEC)....+0:05:00
