000
CDUS41 KCTP 030627
CLIJST


CLIMATE REPORT
NATIONAL WEATHER SERVICE STATE COLLEGE PA
226 AM EDT SUN MAY 3 2015


...................................

...THE JOHNSTOWN CLIMATE SUMMARY FOR MAY 2 2015...

CLIMATE NORMAL PERIOD 1981 TO 2010
CLIMATE RECORD PERIOD 2000 TO 2015


WEATHER ITEM   OBSERVED TIME   RECORD YEAR NORMAL DEPARTURE LAST
                VALUE   (LST)  VALUE       VALUE  FROM      YEAR
                                                  NORMAL
..................................................................
TEMPERATURE (F)
 YESTERDAY
  MAXIMUM         68    435 PM  90    1926  63      5       49
  MINIMUM         45    429 AM  28    1903  43      2       44
  AVERAGE         57                        53      4       47

PRECIPITATION (IN)
  YESTERDAY        0.00          1.75 1985   0.11  -0.11     0.00
  MONTH TO DATE    0.06                      0.22  -0.16     0.03
  SINCE MAR 1      8.52                      7.10   1.42     5.77
  SINCE JAN 1     11.92                     12.33  -0.41     9.81

DEGREE DAYS
 HEATING
  YESTERDAY        8                        12     -4       18
  MONTH TO DATE   18                        25     -7       32
  SINCE MAR 1   1474                      1476     -2     1662
  SINCE JUL 1   6663                      6356    307     6990

 COOLING
  YESTERDAY        0                         0      0        0
  MONTH TO DATE    0                         0      0        0
  SINCE MAR 1      0                         5     -5        4
  SINCE JAN 1      0                         5     -5        4
..................................................................


WIND (MPH)
  HIGHEST WIND SPEED    17   HIGHEST WIND DIRECTION    NW (300)
  HIGHEST GUST SPEED    23   HIGHEST GUST DIRECTION     W (280)
  AVERAGE WIND SPEED     7.2


SKY COVER
  POSSIBLE SUNSHINE  MM
  AVERAGE SKY COVER 0.2


WEATHER CONDITIONS
 THE FOLLOWING WEATHER WAS RECORDED YESTERDAY.
  NO SIGNIFICANT WEATHER WAS OBSERVED.


RELATIVE HUMIDITY (PERCENT)
 HIGHEST    66           300 AM
 LOWEST     26           500 PM
 AVERAGE    46

..........................................................


THE JOHNSTOWN CLIMATE NORMALS FOR TODAY
                         NORMAL    RECORD    YEAR
 MAXIMUM TEMPERATURE (F)   63        93      1954
 MINIMUM TEMPERATURE (F)   44        29      1941


SUNRISE AND SUNSET
MAY  3 2015...........SUNRISE   613 AM EDT   SUNSET   812 PM EDT
MAY  4 2015...........SUNRISE   611 AM EDT   SUNSET   813 PM EDT


-  INDICATES NEGATIVE NUMBERS.
R  INDICATES RECORD WAS SET OR TIED.
MM INDICATES DATA IS MISSING.
T  INDICATES TRACE AMOUNT.




$$
