000
CDUS44 KLUB 180626
CLILBB


CLIMATE REPORT
NATIONAL WEATHER SERVICE LUBBOCK, TX
126 AM CDT SAT APR 18 2015


...................................

...THE LUBBOCK CLIMATE SUMMARY FOR APRIL 17 2015...

CLIMATE NORMAL PERIOD 1981 TO 2010
CLIMATE RECORD PERIOD 1911 TO 2015


WEATHER ITEM   OBSERVED TIME   RECORD YEAR NORMAL DEPARTURE LAST
                VALUE   (LST)  VALUE       VALUE  FROM      YEAR
                                                  NORMAL
..................................................................
TEMPERATURE (F)
 YESTERDAY
  MAXIMUM         77    321 PM  94    2006  76      1       62
                                      1925
  MINIMUM         49    702 AM  23    1921  46      3       41
  AVERAGE         63                        61      2       52

PRECIPITATION (IN)
  YESTERDAY        0.02          1.07 1958   0.05  -0.03     0.00
  MONTH TO DATE    0.63                      0.72  -0.09     0.14
  SINCE MAR 1      0.93                      1.82  -0.89     0.31
  SINCE JAN 1      3.20                      3.22  -0.02     0.47

SNOWFALL (IN)
  YESTERDAY        0.0           T    2007   0.0    0.0      0.0
  MONTH TO DATE    0.0                       0.2   -0.2       T
  SINCE MAR 1      1.1                       0.8    0.3       T
  SINCE JUL 1     14.7                       8.2    6.5      4.2
  SNOW DEPTH       0

DEGREE DAYS
 HEATING
  YESTERDAY        2                         6     -4       13
  MONTH TO DATE   58                       129    -71      130
  SINCE MAR 1    438                       544   -106      570
  SINCE JUL 1   3157                      3283   -126     3422

 COOLING
  YESTERDAY        0                         2     -2        0
  MONTH TO DATE   44                        19     25       19
  SINCE MAR 1     47                        26     21       22
  SINCE JAN 1     47                        26     21       22
..................................................................


WIND (MPH)
  RESULTANT WIND SPEED   3   RESULTANT WIND DIRECTION  SW (240)
  HIGHEST WIND SPEED    22   HIGHEST WIND DIRECTION     W (250)
  HIGHEST GUST SPEED    29   HIGHEST GUST DIRECTION     W (280)
  AVERAGE WIND SPEED     8.6


SKY COVER
  AVERAGE SKY COVER 0.4


WEATHER CONDITIONS
 THE FOLLOWING WEATHER WAS RECORDED YESTERDAY.
  THUNDERSTORM
  LIGHT RAIN


RELATIVE HUMIDITY (PERCENT)
 HIGHEST    89           500 AM
 LOWEST     14           500 PM
 AVERAGE    52

..........................................................


THE LUBBOCK CLIMATE NORMALS FOR TODAY
                         NORMAL    RECORD    YEAR
 MAXIMUM TEMPERATURE (F)   76        96      1987
 MINIMUM TEMPERATURE (F)   47        29      1953
                                             1944


SUNRISE AND SUNSET
APRIL 18 2015.........SUNRISE   713 AM CDT   SUNSET   820 PM CDT
APRIL 19 2015.........SUNRISE   712 AM CDT   SUNSET   821 PM CDT


-  INDICATES NEGATIVE NUMBERS.
R  INDICATES RECORD WAS SET OR TIED.
MM INDICATES DATA IS MISSING.
T  INDICATES TRACE AMOUNT.




$$
