000
CDUS42 KILM 010840
CLILBT


CLIMATE REPORT
NATIONAL WEATHER SERVICE WILMINGTON NC
440 AM EDT WED APR 1 2015


...................................

...THE LUMBERTON NC CLIMATE SUMMARY FOR MARCH 31 2015...

CLIMATE NORMAL PERIOD 1981 TO 2010
CLIMATE RECORD PERIOD 9999 TO 9999


WEATHER ITEM   OBSERVED TIME   NORMAL DEPARTURE LAST
                VALUE   (LST)  VALUE  FROM      YEAR
                                      NORMAL
......................................................
TEMPERATURE (F)
 YESTERDAY
  MAXIMUM         75    438 PM  71      4       72
  MINIMUM         39    635 AM  46     -7       39
  AVERAGE         57            58     -1       56

PRECIPITATION (IN)
  YESTERDAY        0.00          0.12  -0.12     0.00
  MONTH TO DATE    3.48          3.33   0.15     3.42
  SINCE MAR 1      3.48          3.33   0.15     3.42
  SINCE JAN 1     12.94          9.20   3.74     9.49

SNOWFALL (IN)
  YESTERDAY       MM
  MONTH TO DATE   MM
  SINCE MAR 1     MM
  SINCE JUL 1     MM
  SNOW DEPTH      MM

DEGREE DAYS
 HEATING
  YESTERDAY        8             8      0        9
  MONTH TO DATE  304           348    -44      512
  SINCE MAR 1    304           346    -42      512
  SINCE JUL 1   2668          2576     92     2808

 COOLING
  YESTERDAY        0             1     -1        0
  MONTH TO DATE   15            10      5        1
  SINCE MAR 1     15            10      5        1
  SINCE JAN 1     15            13      2        2
......................................................


WIND (MPH)
  HIGHEST WIND SPEED    21   HIGHEST WIND DIRECTION    SW (230)
  HIGHEST GUST SPEED    27   HIGHEST GUST DIRECTION    SW (240)
  AVERAGE WIND SPEED     5.9


SKY COVER
  POSSIBLE SUNSHINE  MM
  AVERAGE SKY COVER 0.0


WEATHER CONDITIONS
 THE FOLLOWING WEATHER WAS RECORDED YESTERDAY.
  FOG


RELATIVE HUMIDITY (PERCENT)
 HIGHEST   100           300 AM
 LOWEST     23           400 PM
 AVERAGE    62

..........................................................


THE LUMBERTON NC CLIMATE NORMALS FOR TODAY
                         NORMAL
 MAXIMUM TEMPERATURE (F)   71
 MINIMUM TEMPERATURE (F)   46


SUNRISE AND SUNSET
APRIL  1 2015.........SUNRISE   704 AM EDT   SUNSET   737 PM EDT
APRIL  2 2015.........SUNRISE   702 AM EDT   SUNSET   738 PM EDT


-  INDICATES NEGATIVE NUMBERS.
R  INDICATES RECORD WAS SET OR TIED.
MM INDICATES DATA IS MISSING.
T  INDICATES TRACE AMOUNT.




$$
