000
CDUS44 KSHV 012136
CLILFK


CLIMATE REPORT
NATIONAL WEATHER SERVICE SHREVEPORT, LA
432 PM CDT WED APR 1 2015


...................................

...THE LUFKIN CLIMATE SUMMARY FOR APRIL 1 2015...
VALID TODAY AS OF 0400 PM LOCAL TIME.

CLIMATE NORMAL PERIOD 1981 TO 2010
CLIMATE RECORD PERIOD 1906 TO 2015


WEATHER ITEM   OBSERVED TIME   RECORD YEAR NORMAL DEPARTURE LAST
                VALUE   (LST)  VALUE       VALUE  FROM      YEAR
                                                  NORMAL
..................................................................
TEMPERATURE (F)
 TODAY
  MAXIMUM         85    252 PM  93    1936  75     10       81
  MINIMUM         67    439 AM  33    1931  51     16       63
  AVERAGE         76                        63     13       72

PRECIPITATION (IN)
  TODAY            0.00          4.20 1916   0.10  -0.10      T
  MONTH TO DATE    0.00                      0.10  -0.10      T
  SINCE DEC 1     17.04                     16.37   0.67     7.58
  SINCE JAN 1     14.99                     11.93   3.06     5.37

SNOWFALL (IN)
  TODAY            0.0
  MONTH TO DATE    0.0
  SINCE MAR 1      0.0
  SINCE JUL 1      T
  SNOW DEPTH       0

DEGREE DAYS
 HEATING
  TODAY            0                         4     -4        0
  MONTH TO DATE    0                         4     -4        0
  SINCE MAR 1    162                       214    -52      250
  SINCE JUL 1   1682                      1848   -166     2053

 COOLING
  TODAY           11                         2      9        7
  MONTH TO DATE   11                         2      9        7
  SINCE MAR 1     70                        43     27       24
  SINCE JAN 1     76                        62     14       42
..................................................................


WIND (MPH)
  HIGHEST WIND SPEED    16   HIGHEST WIND DIRECTION     S (170)
  HIGHEST GUST SPEED    23   HIGHEST GUST DIRECTION     S (190)
  AVERAGE WIND SPEED     8.0


SKY COVER
  POSSIBLE SUNSHINE  MM
  AVERAGE SKY COVER 0.6


WEATHER CONDITIONS
 THE FOLLOWING WEATHER WAS RECORDED TODAY.
  FOG
  HAZE


RELATIVE HUMIDITY (PERCENT)
 HIGHEST    87           200 AM
 LOWEST     47           100 PM
 AVERAGE    67

..........................................................


THE LUFKIN CLIMATE NORMALS FOR TOMORROW
                         NORMAL    RECORD    YEAR
 MAXIMUM TEMPERATURE (F)   75        89      1935
 MINIMUM TEMPERATURE (F)   51        31      1962


SUNRISE AND SUNSET
APRIL  1 2015.........SUNRISE   708 AM CDT   SUNSET   738 PM CDT
APRIL  2 2015.........SUNRISE   707 AM CDT   SUNSET   739 PM CDT


-  INDICATES NEGATIVE NUMBERS.
R  INDICATES RECORD WAS SET OR TIED.
MM INDICATES DATA IS MISSING.
T  INDICATES TRACE AMOUNT.




$$
