000
CDUS44 KSHV 050731
CLILFK


CLIMATE REPORT
NATIONAL WEATHER SERVICE SHREVEPORT, LA
231 AM CDT TUE MAY 5 2015


...................................

...THE LUFKIN CLIMATE SUMMARY FOR MAY 4 2015...

CLIMATE NORMAL PERIOD 1981 TO 2010
CLIMATE RECORD PERIOD 1906 TO 2015


WEATHER ITEM   OBSERVED TIME   RECORD YEAR NORMAL DEPARTURE LAST
                VALUE   (LST)  VALUE       VALUE  FROM      YEAR
                                                  NORMAL
..................................................................
TEMPERATURE (F)
 YESTERDAY
  MAXIMUM         86    340 PM  93    1943  82      4       90
  MINIMUM         60    615 AM  40    1954  61     -1       53
  AVERAGE         73                        71      2       72

PRECIPITATION (IN)
  YESTERDAY        0.00          3.50 1907   0.14  -0.14     0.00
  MONTH TO DATE    0.00                      0.55  -0.55     0.00
  SINCE DEC 1     22.38                     19.87   2.51    10.45
  SINCE JAN 1     20.33                     15.43   4.90     8.24

SNOWFALL (IN)
  YESTERDAY        0.0
  MONTH TO DATE    0.0
  SINCE MAR 1      0.0
  SINCE JUL 1      T
  SNOW DEPTH       0

DEGREE DAYS
 HEATING
  YESTERDAY        0                         0      0        0
  MONTH TO DATE    0                         1     -1        5
  SINCE MAR 1    171                       280   -109      316
  SINCE JUL 1   1691                      1914   -223     2119

 COOLING
  YESTERDAY        8                         7      1        7
  MONTH TO DATE   30                        25      5       13
  SINCE MAR 1    327                       182    145      189
  SINCE JAN 1    333                       201    132      207
..................................................................


WIND (MPH)
  HIGHEST WIND SPEED    15   HIGHEST WIND DIRECTION    SE (120)
  HIGHEST GUST SPEED    20   HIGHEST GUST DIRECTION     S (160)
  AVERAGE WIND SPEED     5.7


SKY COVER
  POSSIBLE SUNSHINE  MM
  AVERAGE SKY COVER 0.1


WEATHER CONDITIONS
 THE FOLLOWING WEATHER WAS RECORDED YESTERDAY.
  FOG


RELATIVE HUMIDITY (PERCENT)
 HIGHEST    87           700 AM
 LOWEST     34           500 PM
 AVERAGE    61

..........................................................


THE LUFKIN CLIMATE NORMALS FOR TODAY
                         NORMAL    RECORD    YEAR
 MAXIMUM TEMPERATURE (F)   82        93      2010
                                             1984
 MINIMUM TEMPERATURE (F)   61        43      2013


SUNRISE AND SUNSET
MAY  5 2015...........SUNRISE   631 AM CDT   SUNSET   801 PM CDT
MAY  6 2015...........SUNRISE   630 AM CDT   SUNSET   802 PM CDT


-  INDICATES NEGATIVE NUMBERS.
R  INDICATES RECORD WAS SET OR TIED.
MM INDICATES DATA IS MISSING.
T  INDICATES TRACE AMOUNT.




$$
