000
CDUS45 KPIH 182341
CLILLJ


CLIMATE REPORT
NATIONAL WEATHER SERVICE POCATELLO ID
536 PM MDT SAT APR 18 2015


...................................

...THE CHALLIS ID CLIMATE SUMMARY FOR APRIL 18 2015...
VALID TODAY AS OF 0500 PM LOCAL TIME.

CLIMATE NORMAL PERIOD 1981 TO 2010
CLIMATE RECORD PERIOD 1898 TO 2015


WEATHER ITEM   OBSERVED TIME   RECORD YEAR NORMAL DEPARTURE LAST
                VALUE   (LST)  VALUE       VALUE  FROM      YEAR
                                                  NORMAL
..................................................................
TEMPERATURE (F)
 TODAY
  MAXIMUM         66    352 PM  80    1994  58      8       58
  MINIMUM         31    627 AM  14    2013  30      1       34
  AVERAGE         49                        44      5       46

PRECIPITATION (IN)
  TODAY            0.00          0.36 1944   0.03  -0.03      T
  MONTH TO DATE    0.29                      0.44  -0.15     0.58
  SINCE OCT 1      2.86                      4.21  -1.35     2.99
  SINCE JAN 1      1.07                      2.28  -1.21     2.26

SNOWFALL (IN)
  TODAY           MM
  MONTH TO DATE   MM
  SINCE MAR 1     MM
  SINCE JUL 1     MM
  SNOW DEPTH      MM

DEGREE DAYS
 HEATING
  TODAY           16                        21     -5       19
  MONTH TO DATE  439                       411     28      389
  SINCE MAR 1   1137                      1307   -170     1242
  SINCE JUL 1   6275                      7356  -1081     6991

 COOLING
  TODAY            0                         0      0        0
  MONTH TO DATE    0                         0      0        0
  SINCE MAR 1      0                         0      0        0
  SINCE JAN 1      0                         0      0        0
..................................................................


WIND (MPH)
  HIGHEST WIND SPEED    18   HIGHEST WIND DIRECTION     N (350)
  HIGHEST GUST SPEED    25   HIGHEST GUST DIRECTION    NW (330)
  AVERAGE WIND SPEED     6.3


SKY COVER
  POSSIBLE SUNSHINE  MM
  AVERAGE SKY COVER 0.0


WEATHER CONDITIONS
 THE FOLLOWING WEATHER WAS RECORDED TODAY.
  NO SIGNIFICANT WEATHER WAS OBSERVED.


RELATIVE HUMIDITY (PERCENT)
 HIGHEST    69           600 AM
 LOWEST     15           400 PM
 AVERAGE    42

..........................................................


THE CHALLIS ID CLIMATE NORMALS FOR TOMORROW
                         NORMAL    RECORD    YEAR
 MAXIMUM TEMPERATURE (F)   58        81      1962
 MINIMUM TEMPERATURE (F)   30        13      1927


SUNRISE AND SUNSET
APRIL 18 2015.........SUNRISE   648 AM MDT   SUNSET   825 PM MDT
APRIL 19 2015.........SUNRISE   646 AM MDT   SUNSET   826 PM MDT


-  INDICATES NEGATIVE NUMBERS.
R  INDICATES RECORD WAS SET OR TIED.
MM INDICATES DATA IS MISSING.
T  INDICATES TRACE AMOUNT.




$$
