000
CDUS45 KRIW 060735
CLILND


CLIMATE REPORT
NATIONAL WEATHER SERVICE RIVERTON WY
135 AM MDT WED MAY 6 2015


...................................

...THE LANDER WY CLIMATE SUMMARY FOR MAY 5 2015...

CLIMATE NORMAL PERIOD 1981 TO 2010
CLIMATE RECORD PERIOD 1891 TO 2015


WEATHER ITEM   OBSERVED TIME   RECORD YEAR NORMAL DEPARTURE LAST
                VALUE   (LST)  VALUE       VALUE  FROM      YEAR
                                                  NORMAL
..................................................................
TEMPERATURE (F)
 YESTERDAY
  MAXIMUM         70    404 PM  82    1966  63      7       74
                                      1934
                                      1911
  MINIMUM         44    534 AM  18    1912  37      7       44
  AVERAGE         57                        50      7       59

PRECIPITATION (IN)
  YESTERDAY        T             1.45 2007   0.08  -0.08     0.00
  MONTH TO DATE    T                         0.38  -0.38     0.00
  SINCE MAR 1      2.86                      3.41  -0.55     1.88
  SINCE JAN 1      4.42                      4.40   0.02     2.68

SNOWFALL (IN)
  YESTERDAY        0.0                       0.3   -0.3      0.0
  MONTH TO DATE    0.0                       1.7   -1.7      0.0
  SINCE MAR 1     19.2                      34.6  -15.4     18.2
  SINCE JUL 1     73.1                      88.2  -15.1     73.5
  SNOW DEPTH       0

DEGREE DAYS
 HEATING
  YESTERDAY        8                        15     -7        6
  MONTH TO DATE   40                        79    -39       38
  SINCE MAR 1   1398                      1629   -231     1554
  SINCE JUL 1   6522                      7333   -811     7290

 COOLING
  YESTERDAY        0                         0      0        0
  MONTH TO DATE    0                         0      0        2
  SINCE MAR 1      0                         0      0        2
  SINCE JAN 1      0                         0      0        2
..................................................................


WIND (MPH)
  HIGHEST WIND SPEED    26   HIGHEST WIND DIRECTION     S (170)
  HIGHEST GUST SPEED    31   HIGHEST GUST DIRECTION     S (160)
  AVERAGE WIND SPEED     6.8


SKY COVER
  POSSIBLE SUNSHINE  MM
  AVERAGE SKY COVER 0.4


WEATHER CONDITIONS
 THE FOLLOWING WEATHER WAS RECORDED YESTERDAY.
  LIGHT RAIN


RELATIVE HUMIDITY (PERCENT)
 HIGHEST    76           600 AM
 LOWEST     31           400 PM
 AVERAGE    54

..........................................................


THE LANDER WY CLIMATE NORMALS FOR TODAY
                         NORMAL    RECORD    YEAR
 MAXIMUM TEMPERATURE (F)   63        85      1992
 MINIMUM TEMPERATURE (F)   37        19      1917
                                             1909


SUNRISE AND SUNSET
MAY  6 2015...........SUNRISE   603 AM MDT   SUNSET   821 PM MDT
MAY  7 2015...........SUNRISE   602 AM MDT   SUNSET   822 PM MDT


-  INDICATES NEGATIVE NUMBERS.
R  INDICATES RECORD WAS SET OR TIED.
MM INDICATES DATA IS MISSING.
T  INDICATES TRACE AMOUNT.




$$
