000
CDUS43 KOAX 261007 CCA
CLILNK

CLIMATE REPORT
NATIONAL WEATHER SERVICE OMAHA NEBRASKA
506 AM CDT SUN APR 26 2015


...................................

...THE LINCOLN, NEBRASKA CLIMATE SUMMARY FOR APRIL 25 2015...

CLIMATE NORMAL PERIOD 1981 TO 2010
CLIMATE RECORD PERIOD 1887 TO 2015


WEATHER ITEM   OBSERVED TIME   RECORD YEAR NORMAL DEPARTURE LAST
                VALUE   (LST)  VALUE       VALUE  FROM      YEAR
                                                  NORMAL
..................................................................
TEMPERATURE (F)
 YESTERDAY
  MAXIMUM         56   1239 AM  92    2012  68    -12       82
  MINIMUM         49    107 PM  28    2013  43      6       35
  AVERAGE         53                        55     -2       59

PRECIPITATION (IN)
  YESTERDAY        0.27          2.20 1904   0.11   0.16     0.00
  MONTH TO DATE    1.99                      2.14  -0.15     2.65
  SINCE MAR 1      2.76                      4.07  -1.31     2.78
  SINCE JAN 1      4.60                      5.48  -0.88     3.64

SNOWFALL (IN)
  YESTERDAY         0                        0.0      0      0.0
  MONTH TO DATE    0.0                       1.3   -1.3      0.5
  SINCE JUL 1     21.9                      25.8   -3.9     18.2
  SNOW DEPTH       0

DEGREE DAYS
 HEATING
  YESTERDAY       12                        11      1        6
  MONTH TO DATE  272                       368    -96      330
  SINCE MAR 1    940                      1141   -201     1187
  SINCE JUL 1   5627                      5844   -217     6304

 COOLING
  YESTERDAY        0                         1     -1        0
  MONTH TO DATE    3                         8     -5       13
  SINCE MAR 1      5                         9     -4       13
  SINCE JAN 1      5                         9     -4       13
..................................................................


WIND (MPH)
  HIGHEST WIND SPEED    22   HIGHEST WIND DIRECTION    NE (030)
  HIGHEST GUST SPEED    27   HIGHEST GUST DIRECTION    NE (030)
  AVERAGE WIND SPEED    14.6


SKY COVER
  POSSIBLE SUNSHINE  MM
  AVERAGE SKY COVER 1.0


WEATHER CONDITIONS
 THE FOLLOWING WEATHER WAS RECORDED YESTERDAY.
  LIGHT RAIN
  FOG
  HAZE


RELATIVE HUMIDITY (PERCENT)
 HIGHEST    96           700 AM
 LOWEST     77           400 PM
 AVERAGE    87

..........................................................


THE LINCOLN, NEBRASKA CLIMATE NORMALS FOR TODAY
                         NORMAL    RECORD    YEAR
 MAXIMUM TEMPERATURE (F)   68        97      1989
 MINIMUM TEMPERATURE (F)   43        27      1907


SUNRISE AND SUNSET
APRIL 26 2015.........SUNRISE   632 AM CDT   SUNSET   818 PM CDT
APRIL 27 2015.........SUNRISE   631 AM CDT   SUNSET   819 PM CDT


-  INDICATES NEGATIVE NUMBERS.
R  INDICATES RECORD WAS SET OR TIED.
MM INDICATES DATA IS MISSING.
T  INDICATES TRACE AMOUNT.




$$
