000
CDUS43 KLOT 252142
CLILOT


CLIMATE REPORT
NATIONAL WEATHER SERVICE CHICAGO IL
440 PM CDT SAT APR 25 2015


...................................

...THE ROMEOVILLE  WFO CLIMATE SUMMARY FOR APRIL 25 2015...
VALID TODAY AS OF 0400 PM LOCAL TIME.

CLIMATE NORMAL PERIOD 1981 TO 2010
CLIMATE RECORD PERIOD 1992 TO 2015


WEATHER ITEM   OBSERVED TIME   RECORD YEAR NORMAL DEPARTURE
                VALUE   (LST)  VALUE       VALUE  FROM
                                                  NORMAL
...............................................................
TEMPERATURE (F)
 TODAY
  MAXIMUM         46        MM  86    1994  65    -19
  MINIMUM         41        MM  34    2005  43     -2
  AVERAGE         44                        54    -10

PRECIPITATION (IN)
  TODAY            0.61          2.82 2007   0.14   0.47
  MONTH TO DATE    3.46                      3.16   0.30
  SINCE MAR 1      4.25                      5.93  -1.68
  SINCE JAN 1      7.09                      9.64  -2.55

SNOWFALL (IN)
  TODAY            0.0           0.0  2011   0.0    0.0
                                      2010
                                      2009
  MONTH TO DATE    T                         0.5   -0.5
  SINCE MAR 1      5.2                       4.9    0.3
  SINCE JUL 1     36.4                      32.3    4.1

DEGREE DAYS
 HEATING
  TODAY           21                        12      9
  MONTH TO DATE  337                       397    -60
  SINCE MAR 1   1238                      1214     24
  SINCE JUL 1   6483                      5942    541

 COOLING
  TODAY            0                         0      0
  MONTH TO DATE    0                         0      0
  SINCE MAR 1      0                         0      0
  SINCE JAN 1      0                         0      0
...............................................................







THE ROMEOVILLE  WFO CLIMATE NORMALS FOR TOMORROW
                         NORMAL    RECORD    YEAR
 MAXIMUM TEMPERATURE (F)   65        89      1994
 MINIMUM TEMPERATURE (F)   43        33      2012


SUNRISE AND SUNSET
APRIL 25 2015.........SUNRISE   558 AM CDT   SUNSET   744 PM CDT
APRIL 26 2015.........SUNRISE   556 AM CDT   SUNSET   745 PM CDT


-  INDICATES NEGATIVE NUMBERS.
R  INDICATES RECORD WAS SET OR TIED.
MM INDICATES DATA IS MISSING.
T  INDICATES TRACE AMOUNT.




$$
