000
CDUS43 KJKL 210522
CLILOZ

CLIMATE REPORT
NATIONAL WEATHER SERVICE JACKSON KY
125 AM EDT TUE APR 21 2015

...................................

...THE LONDON KY CLIMATE SUMMARY FOR APRIL 20 2015...

CLIMATE NORMAL PERIOD 1981 TO 2010
CLIMATE RECORD PERIOD 1954 TO 2015

WEATHER ITEM   OBSERVED TIME   RECORD YEAR NORMAL DEPARTURE LAST
                VALUE   (LST)  VALUE       VALUE  FROM      YEAR
                                                  NORMAL
..................................................................
TEMPERATURE (F)
 YESTERDAY
  MAXIMUM         69    327 PM  88    1964  70     -1       78
  MINIMUM         51   1159 PM  23    1983  46      5       43
  AVERAGE         60                        58      2       61

PRECIPITATION (IN)
  YESTERDAY        0.07          1.20 1958   0.14  -0.07     0.00
  MONTH TO DATE    5.03                      2.62   2.41     1.75
  SINCE MAR 1     10.36                      6.67   3.69     6.92
  SINCE JAN 1     17.83                     13.92   3.91    13.43

SNOWFALL (IN)
  YESTERDAY       MM
  MONTH TO DATE   MM
  SINCE MAR 1     MM
  SINCE JUL 1     MM
  SNOW DEPTH      MM

DEGREE DAYS
 HEATING
  YESTERDAY        5                         8     -3        4
  MONTH TO DATE   89                       210   -121      146
  SINCE MAR 1    613                       759   -146      797
  SINCE JUL 1   4234                      4035    199     4304

 COOLING
  YESTERDAY        0                         1     -1        0
  MONTH TO DATE   21                        12      9       16
  SINCE MAR 1     21                        15      6       16
  SINCE JAN 1     21                        15      6       16
..................................................................

WIND (MPH)
  HIGHEST WIND SPEED    33   HIGHEST WIND DIRECTION     W (290)
  HIGHEST GUST SPEED    43   HIGHEST GUST DIRECTION     W (280)
  AVERAGE WIND SPEED    11.1

SKY COVER
  POSSIBLE SUNSHINE  MM
  AVERAGE SKY COVER 0.7

WEATHER CONDITIONS
 THE FOLLOWING WEATHER WAS RECORDED YESTERDAY.
  THUNDERSTORM
  LIGHT RAIN

RELATIVE HUMIDITY (PERCENT)
 HIGHEST    83          1000 PM
 LOWEST     42           200 PM
 AVERAGE    63
..........................................................

THE LONDON KY CLIMATE NORMALS FOR TODAY
                         NORMAL    RECORD    YEAR
 MAXIMUM TEMPERATURE (F)   70        87      1963
 MINIMUM TEMPERATURE (F)   46        25      1983

SUNRISE AND SUNSET
APRIL 21 2015.........SUNRISE   654 AM EDT   SUNSET   816 PM EDT
APRIL 22 2015.........SUNRISE   653 AM EDT   SUNSET   817 PM EDT

-  INDICATES NEGATIVE NUMBERS.
R  INDICATES RECORD WAS SET OR TIED.
MM INDICATES DATA IS MISSING.
T  INDICATES TRACE AMOUNT.

$$
GREIF
