000
CDUS43 KTOP 012143
CLILWC


CLIMATE REPORT
NATIONAL WEATHER SERVICE TOPEKA KS
442 PM CDT WED APR 1 2015


...................................

...THE LAWRENCE KS CLIMATE SUMMARY FOR APRIL 1 2015...
VALID TODAY AS OF 430 PM LOCAL TIME.

CLIMATE NORMAL PERIOD 1981 TO 2010
CLIMATE RECORD PERIOD 9999 TO 9999


WEATHER ITEM   OBSERVED NORMAL DEPARTURE LAST
                VALUE   VALUE  FROM      YEAR
                               NORMAL
...............................................
TEMPERATURE (F)
 TODAY
  MAXIMUM         82     63     19       54
  MINIMUM         43     38      5       25
  AVERAGE         63     50     13       40

PRECIPITATION (IN)
  TODAY            0.00   0.07  -0.07     0.00
  MONTH TO DATE    0.00   0.07  -0.07     0.00
  SINCE MAR 1      0.72   2.69  -1.97     0.97
  SINCE JAN 1      2.41   5.00  -2.59     2.02

DEGREE DAYS
 HEATING
  TODAY            2     15    -13       25
  MONTH TO DATE    2     15    -13       25
  SINCE MAR 1    594    656    -62      766
  SINCE JUL 1   4883   4671    212     5192

 COOLING
  TODAY            0      0      0        0
  MONTH TO DATE    0      0      0        0
  SINCE MAR 1      0      3     -3        0
  SINCE JAN 1      0      3     -3        0
...............................................


WIND (MPH)
  HIGHEST WIND SPEED    26   HIGHEST WIND DIRECTION     S (170)
  HIGHEST GUST SPEED    32   HIGHEST GUST DIRECTION    SE (150)
  AVERAGE WIND SPEED    11.7



WEATHER CONDITIONS
 THE FOLLOWING WEATHER WAS RECORDED TODAY.
  NO SIGNIFICANT WEATHER WAS OBSERVED.


RELATIVE HUMIDITY (PERCENT)
 HIGHEST    70
 LOWEST     39
 AVERAGE    55

..........................................................


THE LAWRENCE KS CLIMATE NORMALS FOR TOMORROW
                         NORMAL
 MAXIMUM TEMPERATURE (F)   63
 MINIMUM TEMPERATURE (F)   38


SUNRISE AND SUNSET
APRIL  1 2015.........SUNRISE   706 AM CDT   SUNSET   744 PM CDT
APRIL  2 2015.........SUNRISE   704 AM CDT   SUNSET   745 PM CDT


-  INDICATES NEGATIVE NUMBERS.
R  INDICATES RECORD WAS SET OR TIED.
MM INDICATES DATA IS MISSING.
T  INDICATES TRACE AMOUNT.




$$
