000
CDUS46 KOTX 250431
CLILWS


CLIMATE REPORT
NATIONAL WEATHER SERVICE SPOKANE, WA
929 PM PDT FRI APR 24 2015


...................................

...THE LEWISTON ID AIRPORT CLIMATE SUMMARY FOR APRIL 24 2015...
VALID TODAY AS OF 0800 PM LOCAL TIME.

CLIMATE NORMAL PERIOD 1981 TO 2010
CLIMATE RECORD PERIOD 1881 TO 2015


WEATHER ITEM   OBSERVED TIME   RECORD YEAR NORMAL DEPARTURE LAST
                VALUE   (LST)  VALUE       VALUE  FROM      YEAR
                                                  NORMAL
..................................................................
TEMPERATURE (F)
 TODAY
  MAXIMUM         61    205 PM  97    1977  64     -3       59
  MINIMUM         45    430 AM  30    2009  42      3       44
                                      2002
                                      1986
  AVERAGE         53                        53      0       52

PRECIPITATION (IN)
  TODAY            0.04          0.75 1994   0.05  -0.01     0.15
  MONTH TO DATE    0.28                      1.04  -0.76     0.77
  SINCE OCT 1      7.94                      7.16   0.78     6.07
  SINCE JAN 1      3.75                      4.05  -0.30     4.54

DEGREE DAYS
 HEATING
  TODAY           12                        12      0       13
  MONTH TO DATE  340                       345     -5      317
  SINCE MAR 1    829                       957   -128      914
  SINCE JUL 1   4051                      4812   -761     5075

 COOLING
  TODAY            0                         0      0        0
  MONTH TO DATE    0                         0      0        0
  SINCE MAR 1      0                         0      0        0
  SINCE JAN 1      0                         0      0        0
..................................................................


WIND (MPH)
  HIGHEST WIND SPEED    14   HIGHEST WIND DIRECTION    NW (320)
  HIGHEST GUST SPEED    18   HIGHEST GUST DIRECTION    NW (320)
  AVERAGE WIND SPEED     4.3


SKY COVER
  POSSIBLE SUNSHINE  MM
  AVERAGE SKY COVER 0.7


WEATHER CONDITIONS
 THE FOLLOWING WEATHER WAS RECORDED TODAY.
  LIGHT RAIN
  FOG


RELATIVE HUMIDITY (PERCENT)
 HIGHEST    92           200 AM
 LOWEST     30           100 PM
 AVERAGE    61

..........................................................


THE LEWISTON ID AIRPORT CLIMATE NORMALS FOR TOMORROW
                         NORMAL    RECORD    YEAR
 MAXIMUM TEMPERATURE (F)   65        92      1910
 MINIMUM TEMPERATURE (F)   42        30      1924


SUNRISE AND SUNSET
APRIL 24 2015.........SUNRISE   546 AM PDT   SUNSET   748 PM PDT
APRIL 25 2015.........SUNRISE   544 AM PDT   SUNSET   749 PM PDT


-  INDICATES NEGATIVE NUMBERS.
R  INDICATES RECORD WAS SET OR TIED.
MM INDICATES DATA IS MISSING.
T  INDICATES TRACE AMOUNT.




$$
