000
CDUS44 KLZK 172113
CLILZK


CLIMATE REPORT
NATIONAL WEATHER SERVICE LITTLE ROCK AR
413 PM CDT FRI APR 17 2015


...................................

...THE NORTH LITTLE ROCK CLIMATE SUMMARY FOR APRIL 17 2015...
VALID TODAY AS OF 0400 PM LOCAL TIME.

CLIMATE NORMAL PERIOD 1981 TO 2010
CLIMATE RECORD PERIOD 1975 TO 2015


WEATHER ITEM   OBSERVED TIME   RECORD YEAR NORMAL DEPARTURE LAST
                VALUE   (LST)  VALUE       VALUE  FROM      YEAR
                                                  NORMAL
..................................................................
TEMPERATURE (F)
 TODAY
  MAXIMUM         78        MM  91    2006  73      5       68
  MINIMUM         62        MM  40    1999  53      9       43
  AVERAGE         70                        63      7       56

PRECIPITATION (IN)
  TODAY            T             1.65 1978   0.16  -0.16     0.00
  MONTH TO DATE    2.42                      2.59  -0.17     3.93
  SINCE MAR 1     11.19                      7.36   3.83     9.10
  SINCE JAN 1     17.37                     14.44   2.93    14.42

SNOWFALL (IN)
  TODAY            0.0          MM      MM   0.0    0.0      0.0
  MONTH TO DATE    0.0                       0.0    0.0      0.0
  SINCE MAR 1      6.4                       0.4    6.0      1.6
  SINCE JUL 1     10.6                       4.4    6.2      5.2
  SNOW DEPTH       0

DEGREE DAYS
 HEATING
  TODAY            0                         4     -4        9
  MONTH TO DATE   41                        99    -58      134
  SINCE MAR 1    444                       459    -15      623
  SINCE JUL 1   3241                      2945    296     3450

 COOLING
  TODAY            5                         2      3        0
  MONTH TO DATE   46                        29     17       26
  SINCE MAR 1     60                        46     14       26
  SINCE JAN 1     60                        48     12       26
..................................................................


WIND (MPH)
  HIGHEST WIND SPEED    MM   HIGHEST WIND DIRECTION    MM
  HIGHEST GUST SPEED    MM   HIGHEST GUST DIRECTION    MM
  AVERAGE WIND SPEED    MM


SKY COVER
  POSSIBLE SUNSHINE  MM
  AVERAGE SKY COVER  MM


WEATHER CONDITIONS
 THE FOLLOWING WEATHER WAS RECORDED TODAY.
  LIGHT RAIN


RELATIVE HUMIDITY (PERCENT)
 HIGHEST    MM
 LOWEST     MM
 AVERAGE    MM

..........................................................


THE NORTH LITTLE ROCK CLIMATE NORMALS FOR TOMORROW
                         NORMAL    RECORD    YEAR
 MAXIMUM TEMPERATURE (F)   74        93      2006
 MINIMUM TEMPERATURE (F)   54        36      1983


SUNRISE AND SUNSET
APRIL 17 2015.........SUNRISE   635 AM CDT   SUNSET   743 PM CDT
APRIL 18 2015.........SUNRISE   634 AM CDT   SUNSET   744 PM CDT


-  INDICATES NEGATIVE NUMBERS.
R  INDICATES RECORD WAS SET OR TIED.
MM INDICATES DATA IS MISSING.
T  INDICATES TRACE AMOUNT.




$$
