000
CDUS46 KHNX 070021
CLIMAE


CLIMATE REPORT
NATIONAL WEATHER SERVICE SAN JOAQUIN VALLEY, CA
520 PM PDT WED MAY 6 2015


...................................

...THE MADERA CA CLIMATE SUMMARY FOR MAY 6 2015...
VALID AS OF 0500 PM LOCAL TIME.

CLIMATE NORMAL PERIOD 1981 TO 2010
CLIMATE RECORD PERIOD 1998 TO 2015


WEATHER ITEM   OBSERVED TIME   RECORD YEAR NORMAL DEPARTURE LAST
                VALUE   (LST)  VALUE       VALUE  FROM      YEAR
                                                  NORMAL
..................................................................
TEMPERATURE (F)
 TODAY
  MAXIMUM         76    359 PM  92    2001  81     -5       73
  MINIMUM         50    545 AM  42    2010  49      1       52
  AVERAGE         63                        65     -2       63

PRECIPITATION (IN)
  TODAY            0.00          0.01 2000   0.02  -0.02     0.00
  MONTH TO DATE    0.00                      0.15  -0.15     0.00
  SINCE OCT 1      5.26                     11.21  -5.95     4.30
  SINCE JAN 1      1.58                      7.48  -5.90     3.61

SNOWFALL (IN)
  TODAY            0.0
  MONTH TO DATE    0.0
  SINCE MAR 1      0.0
  SINCE JUL 1      0.0
  SNOW DEPTH       0

DEGREE DAYS
 HEATING
  TODAY            2                                         2
  MONTH TO DATE    2                                         3
  SINCE MAR 1    251                                       299
  SINCE JUL 1   1701                                      2126

 COOLING
  TODAY            0                                         0
  MONTH TO DATE   27                                        25
  SINCE MAR 1    103                                        82
  SINCE JAN 1    105                                        82
..................................................................


WIND (MPH)
  HIGHEST WIND SPEED    16   HIGHEST WIND DIRECTION    NW (300)
  HIGHEST GUST SPEED    20   HIGHEST GUST DIRECTION    NW (300)
  AVERAGE WIND SPEED     8.8




RELATIVE HUMIDITY (PERCENT)
 HIGHEST    71
 LOWEST     21
 AVERAGE    46

..........................................................


THE MADERA CA CLIMATE NORMALS FOR TOMORROW
                         NORMAL    RECORD    YEAR
 MAXIMUM TEMPERATURE (F)   82        95      2001
 MINIMUM TEMPERATURE (F)   49        42      2010


SUNRISE AND SUNSET
MAY  6 2015...........SUNRISE   601 AM PDT   SUNSET   754 PM PDT
MAY  7 2015...........SUNRISE   600 AM PDT   SUNSET   755 PM PDT


-  INDICATES NEGATIVE NUMBERS.
R  INDICATES RECORD WAS SET OR TIED.
MM INDICATES DATA IS MISSING.
T  INDICATES TRACE AMOUNT.




$$
