000
CDUS44 KMAF 270731
CLIMAF


CLIMATE REPORT
NATIONAL WEATHER SERVICE MIDLAND/ODESSA TX
230 AM CDT MON APR 27 2015


...................................

...THE MIDLAND CLIMATE SUMMARY FOR APRIL 26 2015...

CLIMATE NORMAL PERIOD 1981 TO 2010
CLIMATE RECORD PERIOD 1930 TO 2015


WEATHER ITEM   OBSERVED TIME   RECORD YEAR NORMAL DEPARTURE LAST
                VALUE   (LST)  VALUE       VALUE  FROM      YEAR
                                                  NORMAL
..................................................................
TEMPERATURE (F)
 YESTERDAY
  MAXIMUM         85    222 PM  97    1959  82      3       93
                                      1943
  MINIMUM         55    632 AM  37    1946  53      2       69
  AVERAGE         70                        68      2       81

PRECIPITATION (IN)
  YESTERDAY        0.00          0.57 1936   0.02  -0.02      T
  MONTH TO DATE    1.30                      0.55   0.75     0.45
  SINCE MAR 1      2.95                      1.15   1.80     0.64
  SINCE JAN 1      5.64                      2.42   3.22     0.90

SNOWFALL (IN)
  YESTERDAY        0.0
  MONTH TO DATE    0.0
  SINCE MAR 1      T
  SINCE JUL 1      3.6
  SNOW DEPTH       0

DEGREE DAYS
 HEATING
  YESTERDAY        0                         2     -2        0
  MONTH TO DATE   38                       105    -67       68
  SINCE MAR 1    376                       412    -36      350
  SINCE JUL 1   2526                      2649   -123     2598

 COOLING
  YESTERDAY        5                         4      1       16
  MONTH TO DATE  104                        69     35      136
  SINCE MAR 1    130                        85     45      159
  SINCE JAN 1    131                        87     44      161
..................................................................


WIND (MPH)
  HIGHEST WIND SPEED    35   HIGHEST WIND DIRECTION    NW (310)
  HIGHEST GUST SPEED    43   HIGHEST GUST DIRECTION    NW (310)
  AVERAGE WIND SPEED    10.4


SKY COVER
  POSSIBLE SUNSHINE  MM
  AVERAGE SKY COVER 0.0


WEATHER CONDITIONS
 THE FOLLOWING WEATHER WAS RECORDED YESTERDAY.
  HAZE


RELATIVE HUMIDITY (PERCENT)
 HIGHEST    62           700 AM
 LOWEST     13          1100 AM
 AVERAGE    38

..........................................................


THE MIDLAND CLIMATE NORMALS FOR TODAY
                         NORMAL    RECORD    YEAR
 MAXIMUM TEMPERATURE (F)   83       101      1996
 MINIMUM TEMPERATURE (F)   53        36      1946


SUNRISE AND SUNSET
APRIL 27 2015.........SUNRISE   707 AM CDT   SUNSET   826 PM CDT
APRIL 28 2015.........SUNRISE   706 AM CDT   SUNSET   827 PM CDT


-  INDICATES NEGATIVE NUMBERS.
R  INDICATES RECORD WAS SET OR TIED.
MM INDICATES DATA IS MISSING.
T  INDICATES TRACE AMOUNT.




$$
