000
CDUS43 KDMX 050643 RRA
CLIMCW

CLIMATE REPORT
NATIONAL WEATHER SERVICE DES MOINES IA
143 AM CDT TUE MAY 5 2015

...................................

...THE MASON CITY IA CLIMATE SUMMARY FOR MAY 4 2015...

CLIMATE NORMAL PERIOD 1981 TO 2010
CLIMATE RECORD PERIOD 1893 TO 2015


WEATHER ITEM   OBSERVED TIME   RECORD YEAR NORMAL DEPARTURE LAST
                VALUE   (LST)  VALUE       VALUE  FROM      YEAR
                                                  NORMAL
..................................................................
TEMPERATURE (F)
 YESTERDAY
  MAXIMUM         71    146 PM  90    1918  66      5       56
  MINIMUM         52    420 AM  24    1910  42     10       38
  AVERAGE         62                        54      8       47

PRECIPITATION (IN)
  YESTERDAY        T             2.21 2003   0.14  -0.14     0.15
  MONTH TO DATE    0.39                      0.57  -0.18     0.16
  SINCE MAR 1      5.99                      6.55  -0.56     8.85
  SINCE JAN 1      8.06                      8.37  -0.31    11.87

SNOWFALL (IN)
  YESTERDAY        0.0          MM      MM   0.0    0.0      0.0
  MONTH TO DATE    0.0                       0.1   -0.1      0.0
  SINCE MAR 1      4.2                       8.8   -4.6     11.9
  SINCE JUL 1     40.0                      41.3   -1.3     58.0
  SNOW DEPTH       0

DEGREE DAYS
 HEATING
  YESTERDAY        3                        11     -8       18
  MONTH TO DATE   23                        46    -23       67
  SINCE MAR 1   1438                      1595   -157     1885
  SINCE JUL 1   7501                      7446     55     8431

 COOLING
  YESTERDAY        0                         0      0        0
  MONTH TO DATE    5                         0      5        0
  SINCE MAR 1      5                         5      0        0
  SINCE JAN 1      5                         5      0        0
..................................................................


WIND (MPH)
  HIGHEST WIND SPEED    24   HIGHEST WIND DIRECTION    NE (40)
  HIGHEST GUST SPEED    30   HIGHEST GUST DIRECTION    NE (50)
  AVERAGE WIND SPEED    11.9


SKY COVER
  POSSIBLE SUNSHINE  MM
  AVERAGE SKY COVER 0.2


WEATHER CONDITIONS
 THE FOLLOWING WEATHER WAS RECORDED YESTERDAY.
  THUNDERSTORM
  LIGHT RAIN
  FOG


RELATIVE HUMIDITY (PERCENT)
 HIGHEST    93           200 AM
 LOWEST     33           100 PM
 AVERAGE    63

..........................................................


THE MASON CITY IA CLIMATE NORMALS FOR TODAY
                         NORMAL    RECORD    YEAR
 MAXIMUM TEMPERATURE (F)   67        91      1924
 MINIMUM TEMPERATURE (F)   43        24      1900


SUNRISE AND SUNSET
MAY  5 2015...........SUNRISE   602 AM CDT   SUNSET   819 PM CDT
MAY  6 2015...........SUNRISE   600 AM CDT   SUNSET   820 PM CDT


-  INDICATES NEGATIVE NUMBERS.
R  INDICATES RECORD WAS SET OR TIED.
MM INDICATES DATA IS MISSING.
T  INDICATES TRACE AMOUNT.

$$

SMALL
