000
CDUS44 KMEG 050636
CLIMEM


CLIMATE REPORT
NATIONAL WEATHER SERVICE MEMPHIS TN
136 AM CDT TUE MAY 5 2015


...................................

...THE MEMPHIS CLIMATE SUMMARY FOR MAY 4 2015...

CLIMATE NORMAL PERIOD 1981 TO 2010
CLIMATE RECORD PERIOD 1872 TO 2015


WEATHER ITEM   OBSERVED TIME   RECORD YEAR NORMAL DEPARTURE LAST
                VALUE   (LST)  VALUE       VALUE  FROM      YEAR
                                                  NORMAL
..................................................................
TEMPERATURE (F)
 YESTERDAY
  MAXIMUM         85    152 PM  91    2012  78      7       88
  MINIMUM         62    410 AM  36    2013  59      3       59
  AVERAGE         74                        68      6       74

PRECIPITATION (IN)
  YESTERDAY        0.00          4.29 1914   0.19  -0.19     0.00
  MONTH TO DATE    0.00                      0.75  -0.75     0.00
  SINCE MAR 1      8.55                     11.41  -2.86    13.52
  SINCE JAN 1     14.20                     19.78  -5.58    21.64

SNOWFALL (IN)
  YESTERDAY        0.0          MM      MM   0.0    0.0      0.0
  MONTH TO DATE    0.0                       0.0    0.0      0.0
  SINCE MAR 1      3.6                       0.4    3.2      0.5
  SINCE JUL 1      6.1                       3.8    2.3      0.8
  SNOW DEPTH       0

DEGREE DAYS
 HEATING
  YESTERDAY        0                         1     -1        0
  MONTH TO DATE    3                         5     -2       14
  SINCE MAR 1    451                       500    -49      623
  SINCE JUL 1   3174                      2950    224     3449

 COOLING
  YESTERDAY        9                         5      4        9
  MONTH TO DATE   12                        17     -5        9
  SINCE MAR 1    102                       109     -7       65
  SINCE JAN 1    102                       112    -10       65
..................................................................


WIND (MPH)
  HIGHEST WIND SPEED    17   HIGHEST WIND DIRECTION     S (170)
  HIGHEST GUST SPEED    22   HIGHEST GUST DIRECTION     S (170)
  AVERAGE WIND SPEED     8.3


SKY COVER
  POSSIBLE SUNSHINE  MM
  AVERAGE SKY COVER 0.2


WEATHER CONDITIONS
 THE FOLLOWING WEATHER WAS RECORDED YESTERDAY.
  NO SIGNIFICANT WEATHER WAS OBSERVED.


RELATIVE HUMIDITY (PERCENT)
 HIGHEST    78           400 AM
 LOWEST     26           400 PM
 AVERAGE    52

..........................................................


THE MEMPHIS CLIMATE NORMALS FOR TODAY
                         NORMAL    RECORD    YEAR
 MAXIMUM TEMPERATURE (F)   78        94      1955
                                             1952
 MINIMUM TEMPERATURE (F)   59        42      1954


SUNRISE AND SUNSET
MAY  5 2015...........SUNRISE   605 AM CDT   SUNSET   749 PM CDT
MAY  6 2015...........SUNRISE   604 AM CDT   SUNSET   749 PM CDT


-  INDICATES NEGATIVE NUMBERS.
R  INDICATES RECORD WAS SET OR TIED.
MM INDICATES DATA IS MISSING.
T  INDICATES TRACE AMOUNT.




$$
