000
CDUS46 KMFR 250843
CLIMHS


CLIMATE REPORT
NATIONAL WEATHER SERVICE MEDFORD, OR
143 AM PDT SAT APR 25 2015


...................................

...THE MT SHASTA CITY CA CLIMATE SUMMARY FOR APRIL 24 2015...

CLIMATE NORMAL PERIOD 1981 TO 2010
CLIMATE RECORD PERIOD 1908 TO 2015


WEATHER ITEM   OBSERVED TIME   RECORD YEAR NORMAL DEPARTURE LAST
                VALUE   (LST)  VALUE       VALUE  FROM      YEAR
                                                  NORMAL
..................................................................
TEMPERATURE (F)
 YESTERDAY
  MAXIMUM         52    218 PM  84    1946  63    -11       58
  MINIMUM         38    510 AM  20    1964  35      3       41
  AVERAGE         45                        49     -4       50

PRECIPITATION (IN)
  YESTERDAY        0.01          0.99 2003   0.09  -0.08      T
  MONTH TO DATE    1.48                      2.45  -0.97     0.80
  SINCE OCT 1     32.91                     37.91  -5.00    12.32
  SINCE JAN 1     13.39                     22.70  -9.31    11.21

SNOWFALL (IN)
  YESTERDAY       MM                         0.1   MM       MM
  MONTH TO DATE   MM                         5.0   MM       MM
  SINCE JUL 1     MM                        91.1   MM        0.0
  SNOW DEPTH      MM

DEGREE DAYS
 HEATING
  YESTERDAY       20                        16      4       15
  MONTH TO DATE  407                       444    -37      327
  SINCE MAR 1    896                      1148   -252      931
  SINCE JUL 1   3862                      5123  -1261     4547

 COOLING
  YESTERDAY        0                         0      0        0
  MONTH TO DATE    0                         0      0        0
  SINCE MAR 1      0                         0      0        0
  SINCE JAN 1      0                         0      0        0
..................................................................


WIND (MPH)
  HIGHEST WIND SPEED    13   HIGHEST WIND DIRECTION    NW (300)
  HIGHEST GUST SPEED    21   HIGHEST GUST DIRECTION    NW (300)
  AVERAGE WIND SPEED     5.0


SKY COVER
  POSSIBLE SUNSHINE  MM
  AVERAGE SKY COVER 0.7


WEATHER CONDITIONS
 THE FOLLOWING WEATHER WAS RECORDED YESTERDAY.
  LIGHT RAIN


RELATIVE HUMIDITY (PERCENT)
 HIGHEST    85           500 AM
 LOWEST     44           100 PM

..........................................................


THE MT SHASTA CITY CA CLIMATE NORMALS FOR TODAY
                         NORMAL    RECORD    YEAR
 MAXIMUM TEMPERATURE (F)   63        84      1926
 MINIMUM TEMPERATURE (F)   35        23      1975


SUNRISE AND SUNSET
APRIL 25 2015.........SUNRISE   615 AM PDT   SUNSET   800 PM PDT
APRIL 26 2015.........SUNRISE   614 AM PDT   SUNSET   801 PM PDT


-  INDICATES NEGATIVE NUMBERS.
R  INDICATES RECORD WAS SET OR TIED.
MM INDICATES DATA IS MISSING.
T  INDICATES TRACE AMOUNT.




$$
