000
CDUS46 KSTO 190034
CLIMOD


CLIMATE REPORT
NATIONAL WEATHER SERVICE SACRAMENTO, CA
534 PM PDT SAT APR 18 2015


...................................

...THE MODESTO CA CLIMATE SUMMARY FOR APRIL 18 2015...
VALID TODAY AS OF 0500 PM LOCAL TIME.

CLIMATE NORMAL PERIOD 1981 TO 2010
CLIMATE RECORD PERIOD 1931 TO 2015


WEATHER ITEM   OBSERVED TIME   RECORD YEAR NORMAL DEPARTURE LAST
                VALUE   (LST)  VALUE       VALUE  FROM      YEAR
                                                  NORMAL
..................................................................
TEMPERATURE (F)
 TODAY
  MAXIMUM         86    353 PM  92    1954  75     11       81
  MINIMUM         50    525 AM  35    1933  50      0       58
  AVERAGE         68

PRECIPITATION (IN)
  TODAY            0.00          0.38 1981   0.03  -0.03     0.00
  MONTH TO DATE    0.42                      0.64  -0.22     0.59
  SINCE OCT 1      9.77                     11.75  -1.98     6.50
  SINCE JAN 1      2.37                      7.67  -5.30     5.14

SNOWFALL (IN)
  TODAY            0.0          MM      MM
  MONTH TO DATE    0.0
  SINCE MAR 1      0.0
  SINCE JUL 1      0.0

DEGREE DAYS
 HEATING
  TODAY            0                         4     -4        0
  MONTH TO DATE   79                        93    -14       65
  SINCE MAR 1    173                       330   -157      226
  SINCE JUL 1   1585                      2098   -513     1924

 COOLING
  TODAY            3                         1      2        5
  MONTH TO DATE    6                        14     -8       41
  SINCE MAR 1     38                        19     19       41
  SINCE JAN 1     38                        19     19       41
..................................................................


WIND (MPH)
  RESULTANT WIND SPEED   2   RESULTANT WIND DIRECTION   N (0)
  HIGHEST WIND SPEED    10   HIGHEST WIND DIRECTION    NW (320)
  HIGHEST GUST SPEED    14   HIGHEST GUST DIRECTION     N (340)


SKY COVER
  POSSIBLE SUNSHINE  MM
  AVERAGE SKY COVER 0.0


WEATHER CONDITIONS
 THE FOLLOWING WEATHER WAS RECORDED TODAY.
  NO SIGNIFICANT WEATHER WAS OBSERVED.


RELATIVE HUMIDITY (PERCENT)
 HIGHEST    71           500 AM
 LOWEST     15           200 PM
 AVERAGE    43

..........................................................


THE MODESTO CA CLIMATE NORMALS FOR TOMORROW
                         NORMAL    RECORD    YEAR
 MAXIMUM TEMPERATURE (F)   76        93      2009
 MINIMUM TEMPERATURE (F)   50        36      1933


SUNRISE AND SUNSET
APRIL 18 2015.........SUNRISE   625 AM PDT   SUNSET   742 PM PDT
APRIL 19 2015.........SUNRISE   624 AM PDT   SUNSET   743 PM PDT


-  INDICATES NEGATIVE NUMBERS.
R  INDICATES RECORD WAS SET OR TIED.
MM INDICATES DATA IS MISSING.
T  INDICATES TRACE AMOUNT.




$$
