000
CDUS41 KPHI 012137
CLIMPO


CLIMATE REPORT
NATIONAL WEATHER SERVICE MOUNT HOLLY NJ
537 PM EDT WED APR 1 2015


...................................

...THE MOUNT POCONO PA CLIMATE SUMMARY FOR APRIL 1 2015...
VALID TODAY AS OF 0500 PM LOCAL TIME.

CLIMATE NORMAL PERIOD 1981 TO 2010
CLIMATE RECORD PERIOD 1901 TO 2015


WEATHER ITEM   OBSERVED TIME   RECORD YEAR NORMAL DEPARTURE LAST
                VALUE   (LST)  VALUE       VALUE  FROM      YEAR
                                                  NORMAL
..................................................................
TEMPERATURE (F)
 TODAY
  MAXIMUM         41    359 PM  81    1998  49     -8       57
  MINIMUM         25    738 AM   8    1919  30     -5       28
  AVERAGE         33                        39     -6       43

PRECIPITATION (IN)
  TODAY            0.00          1.61 1987   0.18  -0.18     0.00
  MONTH TO DATE    0.00                      0.18  -0.18     0.00
  SINCE MAR 1      2.09                      4.01  -1.92     2.21
  SINCE JAN 1      5.44                      9.27  -3.83     8.60

SNOWFALL (IN)
  TODAY           MM            MM      MM  MM     MM       MM
  MONTH TO DATE   MM                        MM     MM       MM
  SINCE MAR 1     MM                        MM     MM       MM
  SINCE JUL 1     MM                        MM     MM       MM
  SNOW DEPTH      MM

DEGREE DAYS
 HEATING
  TODAY           32                        26      6       22
  MONTH TO DATE   32                        26      6       22
  SINCE MAR 1   1158                      1001    157     1198
  SINCE JUL 1   6593                      6124    469     6625

 COOLING
  TODAY            0                         0      0        0
  MONTH TO DATE    0                         0      0        0
  SINCE MAR 1      0                         0      0        0
  SINCE JAN 1      0                         0      0        0
..................................................................


WIND (MPH)
  HIGHEST WIND SPEED    21   HIGHEST WIND DIRECTION     W (280)
  HIGHEST GUST SPEED    28   HIGHEST GUST DIRECTION     W (290)
  AVERAGE WIND SPEED    12.0


SKY COVER
  POSSIBLE SUNSHINE  MM
  AVERAGE SKY COVER 0.1


WEATHER CONDITIONS
 THE FOLLOWING WEATHER WAS RECORDED TODAY.
  NO SIGNIFICANT WEATHER WAS OBSERVED.


RELATIVE HUMIDITY (PERCENT)
 HIGHEST    81          1200 AM
 LOWEST     41           400 PM
 AVERAGE    61

..........................................................


THE MOUNT POCONO PA CLIMATE NORMALS FOR TOMORROW
                         NORMAL    RECORD    YEAR
 MAXIMUM TEMPERATURE (F)   49        77      1963
 MINIMUM TEMPERATURE (F)   31         7      1919


SUNRISE AND SUNSET
APRIL  1 2015.........SUNRISE   645 AM EDT   SUNSET   726 PM EDT
APRIL  2 2015.........SUNRISE   644 AM EDT   SUNSET   727 PM EDT


-  INDICATES NEGATIVE NUMBERS.
R  INDICATES RECORD WAS SET OR TIED.
MM INDICATES DATA IS MISSING.
T  INDICATES TRACE AMOUNT.




$$
