000
CDUS43 KMPX 210832
CLIMSP


CLIMATE REPORT
NATIONAL WEATHER SERVICE CHANHASSEN MN
332 AM CDT TUE APR 21 2015


...................................

...THE TWIN CITIES MN CLIMATE SUMMARY FOR APRIL 20 2015...

CLIMATE NORMAL PERIOD 1981 TO 2010
CLIMATE RECORD PERIOD 1871 TO 2015


WEATHER ITEM   OBSERVED TIME   RECORD YEAR NORMAL DEPARTURE LAST
                VALUE   (LST)  VALUE       VALUE  FROM      YEAR
                                                  NORMAL
..................................................................
TEMPERATURE (F)
 YESTERDAY
  MAXIMUM         45   1229 AM  83    1980  60    -15       74
  MINIMUM         36   1159 PM  21    2013  39     -3       45
  AVERAGE         41                        50     -9       60

PRECIPITATION (IN)
  YESTERDAY        0.02          0.85 1893   0.09  -0.07     0.10
  MONTH TO DATE    2.05                      1.64   0.41     1.84
  SINCE MAR 1      2.72                      3.53  -0.81     2.66
  SINCE JAN 1      3.41                      5.20  -1.79     5.49

SNOWFALL (IN)
  YESTERDAY        0.0           8.5  1893   0.1   -0.1      0.0
  MONTH TO DATE    0.3                       1.9   -1.6      7.0
  SINCE MAR 1      7.1                      12.2   -5.1     11.7
  SINCE JUL 1     32.4                      53.9  -21.5     69.8
  SNOW DEPTH       0

DEGREE DAYS
 HEATING
  YESTERDAY       24                        15      9        5
  MONTH TO DATE  295                       400   -105      463
  SINCE MAR 1   1201                      1398   -197     1680
  SINCE JUL 1   7166                      7188    -22     8133

 COOLING
  YESTERDAY        0                         0      0        0
  MONTH TO DATE    0                         0      0        0
  SINCE MAR 1      0                         0      0        0
  SINCE JAN 1      0                         0      0        0
..................................................................


WIND (MPH)
  HIGHEST WIND SPEED    30   HIGHEST WIND DIRECTION    NW (320)
  HIGHEST GUST SPEED    39   HIGHEST GUST DIRECTION    NW (330)
  AVERAGE WIND SPEED    19.3


SKY COVER
  POSSIBLE SUNSHINE  MM
  AVERAGE SKY COVER 1.0


WEATHER CONDITIONS
 THE FOLLOWING WEATHER WAS RECORDED YESTERDAY.
  LIGHT RAIN
  FOG


RELATIVE HUMIDITY (PERCENT)
 HIGHEST    70          1200 AM
 LOWEST     51           400 PM
 AVERAGE    61

..........................................................


THE TWIN CITIES MN CLIMATE NORMALS FOR TODAY
                         NORMAL    RECORD    YEAR
 MAXIMUM TEMPERATURE (F)   61        95      1980
 MINIMUM TEMPERATURE (F)   40        22      1966


SUNRISE AND SUNSET
APRIL 21 2015.........SUNRISE   619 AM CDT   SUNSET   805 PM CDT
APRIL 22 2015.........SUNRISE   617 AM CDT   SUNSET   807 PM CDT


-  INDICATES NEGATIVE NUMBERS.
R  INDICATES RECORD WAS SET OR TIED.
MM INDICATES DATA IS MISSING.
T  INDICATES TRACE AMOUNT.




$$
