000
CDUS41 KBTV 280613
CLIMSS


CLIMATE REPORT
NATIONAL WEATHER SERVICE BURLINGTON VT
212 AM EDT TUE APR 28 2015


...................................

...THE MASSENA NY CLIMATE SUMMARY FOR APRIL 27 2015...

CLIMATE NORMAL PERIOD 1981 TO 2010
CLIMATE RECORD PERIOD 1948 TO 2015


WEATHER ITEM   OBSERVED TIME   RECORD YEAR NORMAL DEPARTURE LAST
                VALUE   (LST)  VALUE       VALUE  FROM      YEAR
                                                  NORMAL
..................................................................
TEMPERATURE (F)
 YESTERDAY
  MAXIMUM         58    523 PM  89    1990  60     -2       51
  MINIMUM         39    400 AM  21    1972  37      2       39
  AVERAGE         49                        49      0       45

PRECIPITATION (IN)
  YESTERDAY        T             1.39        0.10  -0.10      T
  MONTH TO DATE    2.48                      2.53  -0.05     2.82
  SINCE MAR 1      3.02                      4.62  -1.60     3.73
  SINCE JAN 1      4.44                      8.57  -4.13     6.47

DEGREE DAYS
 HEATING
  YESTERDAY       16                        16      0       20
  MONTH TO DATE  603                       603      0      649
  SINCE MAR 1   1898                      1747    151     2077
  SINCE JUL 1   8064                      7734    330     8246

 COOLING
  YESTERDAY        0                         0      0        0
  MONTH TO DATE    0                         0      0        0
  SINCE MAR 1      0                         0      0        0
  SINCE JAN 1      0                         0      0        0
..................................................................


WIND (MPH)
  HIGHEST WIND SPEED    12   HIGHEST WIND DIRECTION    NE (30)
  HIGHEST GUST SPEED    16   HIGHEST GUST DIRECTION    NE (40)
  AVERAGE WIND SPEED     5.5


SKY COVER
  AVERAGE SKY COVER 1.0


WEATHER CONDITIONS
 THE FOLLOWING WEATHER WAS RECORDED YESTERDAY.
  LIGHT RAIN


RELATIVE HUMIDITY (PERCENT)
 HIGHEST    85           300 AM
 LOWEST     47           500 PM
 AVERAGE    66

..........................................................


THE MASSENA NY CLIMATE NORMALS FOR TODAY
                         NORMAL    RECORD    YEAR
 MAXIMUM TEMPERATURE (F)   61        83      1962
 MINIMUM TEMPERATURE (F)   38        25      1975


SUNRISE AND SUNSET
APRIL 28 2015.........SUNRISE   554 AM EDT   SUNSET   801 PM EDT
APRIL 29 2015.........SUNRISE   552 AM EDT   SUNSET   802 PM EDT


-  INDICATES NEGATIVE NUMBERS.
R  INDICATES RECORD WAS SET OR TIED.
MM INDICATES DATA IS MISSING.
T  INDICATES TRACE AMOUNT.




$$
