000
CDUS43 KILX 050631
CLIMTO


CLIMATE REPORT
NATIONAL WEATHER SERVICE LINCOLN IL
130 AM CDT TUE MAY 5 2015


...................................

...THE MATTOON IL AIRPORT CLIMATE SUMMARY FOR MAY 4 2015...

CLIMATE NORMAL PERIOD 1981 TO 2010
CLIMATE RECORD PERIOD 9999 TO 9999


WEATHER ITEM   OBSERVED TIME   RECORD YEAR NORMAL DEPARTURE LAST
                VALUE   (LST)  VALUE       VALUE  FROM      YEAR
                                                  NORMAL
..................................................................
TEMPERATURE (F)
 YESTERDAY
  MAXIMUM         80    500 PM  MM      MM  70     10       72
  MINIMUM         61    748 AM  MM      MM  50     11       49
  AVERAGE         71                        60     11       61

PRECIPITATION (IN)
  YESTERDAY        T            MM      MM   0.15  -0.15     0.00
  MONTH TO DATE    T                         0.63  -0.63      T
  SINCE MAR 1      6.31                      6.63  -0.32     5.14
  SINCE JAN 1      7.66                     10.61  -2.95     7.07

DEGREE DAYS
 HEATING
  YESTERDAY        0                         6     -6        4
  MONTH TO DATE   15                        26    -11       43
  SINCE MAR 1   1135                      1084     51     1256
  SINCE JUL 1   5828                      5288    540     6103

 COOLING
  YESTERDAY        6                         1      5        0
  MONTH TO DATE   10                         4      6        0
  SINCE MAR 1     12                        18     -6        4
  SINCE JAN 1     12                        18     -6        4
..................................................................


WIND (MPH)
  HIGHEST WIND SPEED    15   HIGHEST WIND DIRECTION    SW (210)
  HIGHEST GUST SPEED    21   HIGHEST GUST DIRECTION    SW (240)
  AVERAGE WIND SPEED     9.1


SKY COVER
  POSSIBLE SUNSHINE  MM
  AVERAGE SKY COVER 0.5


WEATHER CONDITIONS
 THE FOLLOWING WEATHER WAS RECORDED YESTERDAY.
  LIGHT RAIN


RELATIVE HUMIDITY (PERCENT)
 HIGHEST    78           800 AM
 LOWEST     42           500 PM
 AVERAGE    60

..........................................................


THE MATTOON IL AIRPORT CLIMATE NORMALS FOR TODAY
                         NORMAL    RECORD    YEAR
 MAXIMUM TEMPERATURE (F)   70        MM        MM
 MINIMUM TEMPERATURE (F)   50        MM        MM


SUNRISE AND SUNSET
MAY  5 2015...........SUNRISE   550 AM CDT   SUNSET   751 PM CDT
MAY  6 2015...........SUNRISE   549 AM CDT   SUNSET   751 PM CDT


-  INDICATES NEGATIVE NUMBERS.
R  INDICATES RECORD WAS SET OR TIED.
MM INDICATES DATA IS MISSING.
T  INDICATES TRACE AMOUNT.




$$
