000
CDUS45 KBOI 210931
CLIMYL


CLIMATE REPORT
NATIONAL WEATHER SERVICE BOISE ID
330 AM MDT TUE APR 21 2015


...................................

...THE MCCALL ID CLIMATE SUMMARY FOR APRIL 20 2015...

CLIMATE NORMAL PERIOD 1981 TO 2010
CLIMATE RECORD PERIOD 1930 TO 2015


WEATHER ITEM   OBSERVED TIME   RECORD YEAR NORMAL DEPARTURE LAST
                VALUE   (LST)  VALUE       VALUE  FROM      YEAR
                                                  NORMAL
..................................................................
TEMPERATURE (F)
 YESTERDAY
  MAXIMUM         66    300 PM  76    1994  50     16       55
  MINIMUM         28    611 AM   8    2008  26      2       30
  AVERAGE         47                        38      9       43

PRECIPITATION (IN)
  YESTERDAY        0.00          0.75 1997   0.06  -0.06     0.00
  MONTH TO DATE    0.58                      1.30  -0.72     0.50
  SINCE OCT 1     15.32                     13.15   2.17    15.52
  SINCE JAN 1      6.56                      6.97  -0.41    11.45

DEGREE DAYS
 HEATING
  YESTERDAY       18                        27     -9       22
  MONTH TO DATE  533                       594    -61      516
  SINCE MAR 1   1351                      1708   -357     1528
  SINCE JUL 1   6722                      8383  -1661     7522

 COOLING
  YESTERDAY        0                         0      0        0
  MONTH TO DATE    0                         0      0        0
  SINCE MAR 1      0                         0      0        0
  SINCE JAN 1      0                         0      0        0
..................................................................


WIND (MPH)
  HIGHEST WIND SPEED    13   HIGHEST WIND DIRECTION    NW (320)
  HIGHEST GUST SPEED    17   HIGHEST GUST DIRECTION    NW (320)
  AVERAGE WIND SPEED     3.5


SKY COVER
  AVERAGE SKY COVER 0.0


WEATHER CONDITIONS
 THE FOLLOWING WEATHER WAS RECORDED YESTERDAY.
  NO SIGNIFICANT WEATHER WAS OBSERVED.


RELATIVE HUMIDITY (PERCENT)
 HIGHEST    85           600 AM
 LOWEST     22           300 PM
 AVERAGE    54

..........................................................


THE MCCALL ID CLIMATE NORMALS FOR TODAY
                         NORMAL    RECORD    YEAR
 MAXIMUM TEMPERATURE (F)   50        78      1994
 MINIMUM TEMPERATURE (F)   26        14      2008


SUNRISE AND SUNSET
APRIL 21 2015.........SUNRISE   650 AM MDT   SUNSET   837 PM MDT
APRIL 22 2015.........SUNRISE   648 AM MDT   SUNSET   838 PM MDT


-  INDICATES NEGATIVE NUMBERS.
R  INDICATES RECORD WAS SET OR TIED.
MM INDICATES DATA IS MISSING.
T  INDICATES TRACE AMOUNT.




$$
