000
CDUS41 KOKX 050617
CLINYC


CLIMATE REPORT
NATIONAL WEATHER SERVICE NEW YORK NY
217 AM EDT TUE MAY 5 2015


...................................

...THE CENTRAL PARK NY CLIMATE SUMMARY FOR MAY 4 2015...

CLIMATE NORMAL PERIOD 1981 TO 2010
CLIMATE RECORD PERIOD 1869 TO 2015


WEATHER ITEM   OBSERVED TIME   RECORD YEAR NORMAL DEPARTURE LAST
                VALUE   (LST)  VALUE       VALUE  FROM      YEAR
                                                  NORMAL
..................................................................
TEMPERATURE (F)
 YESTERDAY
  MAXIMUM         85    346 PM  92    2001  68     17       65
  MINIMUM         57    537 AM  38    1917  50      7       54
                                      1911
                                      1875
  AVERAGE         71                        59     12       60

PRECIPITATION (IN)
  YESTERDAY        0.00          2.02 1893   0.13  -0.13     0.02
  MONTH TO DATE    0.00                      0.50  -0.50     0.22
  SINCE MAR 1      6.80                      9.36  -2.56    11.74
  SINCE JAN 1     14.07                     16.10  -2.03    20.01

SNOWFALL (IN)
  YESTERDAY        0.0           T    1946   0.0    0.0      0.0
  MONTH TO DATE    0.0                       0.0    0.0      0.0
  SINCE OCT 1     50.3                      25.8   24.5     57.4
  SINCE JUL 1     50.3                      25.8   24.5     57.4
  SNOW DEPTH       0

DEGREE DAYS
 HEATING
  YESTERDAY        0                         7     -7        5
  MONTH TO DATE   13                        29    -16        9
  SINCE MAR 1   1158                      1100     58     1228
  SINCE JUL 1   4917                      4622    295     4898

 COOLING
  YESTERDAY        6                         1      5        0
  MONTH TO DATE    7                         4      3        0
  SINCE MAR 1     12                        16     -4        4
  SINCE JAN 1     12                        16     -4        4
..................................................................


WIND (MPH)
  HIGHEST WIND SPEED    15   HIGHEST WIND DIRECTION    SW (230)
  HIGHEST GUST SPEED    23   HIGHEST GUST DIRECTION    SW (210)
  AVERAGE WIND SPEED     5.3


SKY COVER
  AVERAGE SKY COVER 0.0


WEATHER CONDITIONS
 THE FOLLOWING WEATHER WAS RECORDED YESTERDAY.
  NO SIGNIFICANT WEATHER WAS OBSERVED.


RELATIVE HUMIDITY (PERCENT)
 HIGHEST    72           400 AM
 LOWEST     22           400 PM
 AVERAGE    47

..........................................................


THE CENTRAL PARK NY CLIMATE NORMALS FOR TODAY
                         NORMAL    RECORD    YEAR
 MAXIMUM TEMPERATURE (F)   68        90      1980
                                             1955
                                             1949
 MINIMUM TEMPERATURE (F)   51        34      1891


SUNRISE AND SUNSET
MAY  5 2015...........SUNRISE   550 AM EDT   SUNSET   756 PM EDT
MAY  6 2015...........SUNRISE   549 AM EDT   SUNSET   757 PM EDT


-  INDICATES NEGATIVE NUMBERS.
R  INDICATES RECORD WAS SET OR TIED.
MM INDICATES DATA IS MISSING.
T  INDICATES TRACE AMOUNT.




$$
