000
CDUS46 KMTR 260028
CLIOAK


CLIMATE REPORT
NATIONAL WEATHER SERVICE SAN FRANCISCO BAY AREA
527 PM PDT SAT APR 25 2015


...................................

...THE OAKLAND AIRPORT CLIMATE SUMMARY FOR APRIL 25 2015...
VALID TODAY AS OF 0500 PM LOCAL TIME.

CLIMATE NORMAL PERIOD 1981 TO 2010
CLIMATE RECORD PERIOD 1948 TO 2015


WEATHER ITEM   OBSERVED TIME   RECORD YEAR NORMAL DEPARTURE LAST
                VALUE   (LST)  VALUE       VALUE  FROM      YEAR
                                                  NORMAL
..................................................................
TEMPERATURE (F)
 TODAY
  MAXIMUM         63    237 PM  86    2004  67     -4       58
  MINIMUM         51    818 AM  43    1949  49      2       52
  AVERAGE         57                        58     -1       55

PRECIPITATION (IN)
  TODAY            0.14          1.17 1963   0.04   0.10     0.57
  MONTH TO DATE    1.08                      1.18  -0.10     1.60
  SINCE OCT 1     14.39                     19.51  -5.12     9.41
  SINCE JAN 1      3.17                     12.20  -9.03     7.95

SNOWFALL (IN)
  TODAY            0.0           0.0  1985
  MONTH TO DATE    0.0
  SINCE MAR 1      0.0
  SINCE JUL 1      0.0

DEGREE DAYS
 HEATING
  TODAY            8                         7      1       10
  MONTH TO DATE  193                       199     -6      157
  SINCE MAR 1    392                       530   -138      342
  SINCE JUL 1   1701                      2552   -851     2163

 COOLING
  TODAY            0                         0      0        0
  MONTH TO DATE    0                         0      0        2
  SINCE MAR 1      1                         1      0        3
  SINCE JAN 1      1                         1      0        3
..................................................................


WIND (MPH)
  RESULTANT WIND SPEED  15   RESULTANT WIND DIRECTION   W (260)
  HIGHEST WIND SPEED    26   HIGHEST WIND DIRECTION     W (270)
  HIGHEST GUST SPEED    31   HIGHEST GUST DIRECTION     W (250)
  AVERAGE WIND SPEED    15.5


SKY COVER
  POSSIBLE SUNSHINE  MM
  AVERAGE SKY COVER 0.8


WEATHER CONDITIONS
 THE FOLLOWING WEATHER WAS RECORDED TODAY.
  RAIN
  LIGHT RAIN
  FOG


RELATIVE HUMIDITY (PERCENT)
 HIGHEST    93           100 AM
 LOWEST     60           200 PM
 AVERAGE    77

..........................................................


THE OAKLAND AIRPORT CLIMATE NORMALS FOR TOMORROW
                         NORMAL    RECORD    YEAR
 MAXIMUM TEMPERATURE (F)   67        88      2004
 MINIMUM TEMPERATURE (F)   49        41      1955


SUNRISE AND SUNSET
APRIL 25 2015.........SUNRISE   621 AM PDT   SUNSET   754 PM PDT
APRIL 26 2015.........SUNRISE   619 AM PDT   SUNSET   755 PM PDT


-  INDICATES NEGATIVE NUMBERS.
R  INDICATES RECORD WAS SET OR TIED.
MM INDICATES DATA IS MISSING.
T  INDICATES TRACE AMOUNT.




$$
