000
CDUS43 KGID 062306
CLIODX


CLIMATE REPORT
NATIONAL WEATHER SERVICE HASTINGS NE
604 PM CDT WED MAY 6 2015


...................................

...THE ORD NE CLIMATE SUMMARY FOR MAY 6 2015...
VALID TODAY AS OF 0500 PM LOCAL TIME.

CLIMATE NORMAL PERIOD 1981 TO 2010
CLIMATE RECORD PERIOD 1895 TO 2015


WEATHER ITEM   OBSERVED TIME   NORMAL DEPARTURE LAST
                VALUE   (LST)  VALUE  FROM      YEAR
                                      NORMAL
......................................................
TEMPERATURE (F)
 TODAY
  MAXIMUM         69    324 PM  68      1       73
  MINIMUM         58    141 AM  43     15       38
  AVERAGE         64            56      8       56

PRECIPITATION (IN)
  TODAY            0.16          0.10   0.06     0.00
  MONTH TO DATE    0.18          0.68  -0.50     0.00
  SINCE MAR 1      2.92          4.72  -1.80     1.46
  SINCE JAN 1      3.66          5.53  -1.87     1.71

DEGREE DAYS
 HEATING
  TODAY            1            10     -9        9
  MONTH TO DATE    9            63    -54       74
  SINCE MAR 1   1158          1399   -241     1520
  SINCE JUL 1   6290          6416   -126     6673

 COOLING
  TODAY            0             1     -1        0
  MONTH TO DATE    2             2      0        0
  SINCE MAR 1      6             4      2        1
  SINCE JAN 1      6             4      2        1
......................................................


WIND (MPH)
  HIGHEST WIND SPEED    25   HIGHEST WIND DIRECTION    SE (150)
  HIGHEST GUST SPEED    33   HIGHEST GUST DIRECTION    SE (140)
  AVERAGE WIND SPEED    13.7


SKY COVER
  AVERAGE SKY COVER 0.9


WEATHER CONDITIONS
 THE FOLLOWING WEATHER WAS RECORDED TODAY.
  THUNDERSTORM
  HEAVY RAIN
  LIGHT RAIN
  FOG


RELATIVE HUMIDITY (PERCENT)
 HIGHEST    90           500 AM
 LOWEST     68           100 PM
 AVERAGE    79

..........................................................


THE ORD NE CLIMATE NORMALS FOR TOMORROW
                         NORMAL
 MAXIMUM TEMPERATURE (F)   69
 MINIMUM TEMPERATURE (F)   43


SUNRISE AND SUNSET
MAY  6 2015...........SUNRISE   627 AM CDT   SUNSET   839 PM CDT
MAY  7 2015...........SUNRISE   625 AM CDT   SUNSET   840 PM CDT


-  INDICATES NEGATIVE NUMBERS.
R  INDICATES RECORD WAS SET OR TIED.
MM INDICATES DATA IS MISSING.
T  INDICATES TRACE AMOUNT.




$$
