000
CDUS43 KOAX 250646
CLIOMA


CLIMATE REPORT
NATIONAL WEATHER SERVICE OMAHA NEBRASKA
145 AM CDT SAT APR 25 2015


...................................

...THE OMAHA EPPLEY, NEBRASKA CLIMATE SUMMARY FOR APRIL 24 2015...

CLIMATE NORMAL PERIOD 1981 TO 2010
CLIMATE RECORD PERIOD 1871 TO 2015


WEATHER ITEM   OBSERVED TIME   RECORD YEAR NORMAL DEPARTURE LAST
                VALUE   (LST)  VALUE       VALUE  FROM      YEAR
                                                  NORMAL
..................................................................
TEMPERATURE (F)
 YESTERDAY
  MAXIMUM         70    247 PM  92    1989  67      3       64
  MINIMUM         55    258 AM  26    1956  43     12       48
                                      1873
  AVERAGE         63                        55      8       56

PRECIPITATION (IN)
  YESTERDAY        T             1.72 2007   0.12  -0.12     0.19
  MONTH TO DATE    3.13                      2.24   0.89     1.99
  SINCE MAR 1      3.67                      4.23  -0.56     2.20
  SINCE JAN 1      4.81                      5.80  -0.99     3.06

SNOWFALL (IN)
  YESTERDAY        0.0                       0.0    0.0      0.0
  MONTH TO DATE    T                         0.9   -0.9      0.6
  SINCE JUL 1     13.8                      26.3  -12.5     17.8
  SNOW DEPTH       0

DEGREE DAYS
 HEATING
  YESTERDAY        2                        11     -9        9
  MONTH TO DATE  260                       355    -95      349
  SINCE MAR 1    912                      1146   -234     1228
  SINCE JUL 1   5623                      5944   -321     6333

 COOLING
  YESTERDAY        0                         1     -1        0
  MONTH TO DATE    5                         8     -3       15
  SINCE MAR 1      5                         9     -4       15
  SINCE JAN 1      5                         9     -4       15
..................................................................


WIND (MPH)
  HIGHEST WIND SPEED    21   HIGHEST WIND DIRECTION    SE (150)
  HIGHEST GUST SPEED    26   HIGHEST GUST DIRECTION     S (160)
  AVERAGE WIND SPEED    14.8


SKY COVER
  POSSIBLE SUNSHINE  MM
  AVERAGE SKY COVER 1.0


WEATHER CONDITIONS
 THE FOLLOWING WEATHER WAS RECORDED YESTERDAY.
  LIGHT RAIN
  FOG


RELATIVE HUMIDITY (PERCENT)
 HIGHEST    86           900 PM
 LOWEST     43          1200 AM
 AVERAGE    65

..........................................................


THE OMAHA EPPLEY, NEBRASKA CLIMATE NORMALS FOR TODAY
                         NORMAL    RECORD    YEAR
 MAXIMUM TEMPERATURE (F)   67        91      2012
                                             1954
 MINIMUM TEMPERATURE (F)   44        27      1873


SUNRISE AND SUNSET
APRIL 25 2015.........SUNRISE   630 AM CDT   SUNSET   814 PM CDT
APRIL 26 2015.........SUNRISE   628 AM CDT   SUNSET   815 PM CDT


-  INDICATES NEGATIVE NUMBERS.
R  INDICATES RECORD WAS SET OR TIED.
MM INDICATES DATA IS MISSING.
T  INDICATES TRACE AMOUNT.




$$
