000
CDUS41 KAKQ 060532
CLIORF


CLIMATE REPORT
NATIONAL WEATHER SERVICE WAKEFIELD, VA
132 AM EDT WED MAY 6 2015


...................................

...THE NORFOLK VA CLIMATE SUMMARY FOR MAY 5 2015...

CLIMATE NORMAL PERIOD 1981 TO 2010
CLIMATE RECORD PERIOD 1871 TO 2015


WEATHER ITEM   OBSERVED TIME   RECORD YEAR NORMAL DEPARTURE LAST
                VALUE   (LST)  VALUE       VALUE  FROM      YEAR
                                                  NORMAL
..................................................................
TEMPERATURE (F)
 YESTERDAY
  MAXIMUM         84    217 PM  89    1934  73     11       63
                                      1918
                                      1902
  MINIMUM         61    355 AM  39    1966  55      6       55
  AVERAGE         73                        64      9       59

PRECIPITATION (IN)
  YESTERDAY        0.00          1.38 1882   0.10  -0.10     0.10
  MONTH TO DATE    0.50                      0.52  -0.02     0.10
  SINCE MAR 1      7.81                      7.61   0.20     8.79
  SINCE JAN 1     13.99                     14.13  -0.14    15.08

SNOWFALL (IN)
  YESTERDAY        0.0           0.0  2002   0.0    0.0
  MONTH TO DATE    0.0                       0.0    0.0
  SINCE NOV 1     12.7                       5.8    6.9
  SINCE JUL 1     12.7                       5.8    6.9
  SNOW DEPTH       0

DEGREE DAYS
 HEATING
  YESTERDAY        0                         4     -4        6
  MONTH TO DATE   18                        20     -2        8
  SINCE MAR 1    751                       751      0      813
  SINCE JUL 1   3587                      3320    267     3424

 COOLING
  YESTERDAY        8                         2      6        0
  MONTH TO DATE   15                        10      5       15
  SINCE MAR 1     40                        53    -13       42
  SINCE JAN 1     40                        54    -14       42
..................................................................


WIND (MPH)
  HIGHEST WIND SPEED    24   HIGHEST WIND DIRECTION    SW (210)
  HIGHEST GUST SPEED    28   HIGHEST GUST DIRECTION    SW (220)
  AVERAGE WIND SPEED    14.0


SKY COVER
  POSSIBLE SUNSHINE  MM
  AVERAGE SKY COVER 0.0


WEATHER CONDITIONS
 THE FOLLOWING WEATHER WAS RECORDED YESTERDAY.
  NO SIGNIFICANT WEATHER WAS OBSERVED.


RELATIVE HUMIDITY (PERCENT)
 HIGHEST    65           300 AM
 LOWEST     34           100 PM
 AVERAGE    50

..........................................................


THE NORFOLK VA CLIMATE NORMALS FOR TODAY
                         NORMAL    RECORD    YEAR
 MAXIMUM TEMPERATURE (F)   73        93      2010
                                             1950
                                             1892
 MINIMUM TEMPERATURE (F)   55        43      1979
                                             1964
                                             1877


SUNRISE AND SUNSET
MAY  6 2015...........SUNRISE   606 AM EDT   SUNSET   758 PM EDT
MAY  7 2015...........SUNRISE   605 AM EDT   SUNSET   759 PM EDT


-  INDICATES NEGATIVE NUMBERS.
R  INDICATES RECORD WAS SET OR TIED.
MM INDICATES DATA IS MISSING.
T  INDICATES TRACE AMOUNT.




$$
