000
CDUS46 KOTX 250822
CLIOTX


CLIMATE REPORT
NATIONAL WEATHER SERVICE SPOKANE, WA
122 AM PDT SAT APR 25 2015


...................................

...THE SPOKANE  WA WFO CLIMATE SUMMARY FOR APRIL 24 2015...

CLIMATE NORMAL PERIOD 1981 TO 2010
CLIMATE RECORD PERIOD 1881 TO 2015


WEATHER ITEM   OBSERVED TIME   RECORD YEAR NORMAL DEPARTURE LAST
                VALUE   (LST)  VALUE       VALUE  FROM      YEAR
                                                  NORMAL
..................................................................
TEMPERATURE (F)
 YESTERDAY
  MAXIMUM         52        MM  MM      MM  60     -8       57
  MINIMUM         35        MM  MM      MM  36     -1       40
  AVERAGE         44                        48     -4       49

PRECIPITATION (IN)
  YESTERDAY        T            MM      MM   0.04  -0.04     0.44
  MONTH TO DATE    0.67                      1.02  -0.35     1.22
  SINCE OCT 1     10.98                     12.09  -1.11     8.95
  SINCE JAN 1      6.27                      6.06   0.21     6.44

SNOWFALL (IN)
  YESTERDAY        0.0          MM      MM   0.0    0.0      0.0
  MONTH TO DATE    1.3                       1.8   -0.5       T
  SINCE MAR 1      1.7                       7.1   -5.4      4.8
  SINCE JUL 1     16.8                      53.5  -36.7     31.0
  SNOW DEPTH       0

DEGREE DAYS
 HEATING
  YESTERDAY       21                        17      4       16
  MONTH TO DATE  471                       472     -1      471
  SINCE MAR 1   1122                      1281   -159     1282
  SINCE JUL 1   5556                      6480   -924     6613

 COOLING
  YESTERDAY        0                         0      0        0
  MONTH TO DATE    0                         0      0        0
  SINCE MAR 1      0                         0      0        0
  SINCE JAN 1      0                         0      0        0
..................................................................


WIND (MPH)
  HIGHEST WIND SPEED    MM   HIGHEST WIND DIRECTION    MM
  HIGHEST GUST SPEED    MM   HIGHEST GUST DIRECTION    MM
  AVERAGE WIND SPEED    MM


SKY COVER
  POSSIBLE SUNSHINE  MM
  AVERAGE SKY COVER  MM


WEATHER CONDITIONS
 THE FOLLOWING WEATHER WAS RECORDED YESTERDAY.
  NO SIGNIFICANT WEATHER WAS OBSERVED.


RELATIVE HUMIDITY (PERCENT)
 HIGHEST    MM
 LOWEST     MM
 AVERAGE    MM

..........................................................


THE SPOKANE  WA WFO CLIMATE NORMALS FOR TODAY
                         NORMAL    RECORD    YEAR
 MAXIMUM TEMPERATURE (F)   60        MM        MM
 MINIMUM TEMPERATURE (F)   36        MM        MM


SUNRISE AND SUNSET
APRIL 25 2015.........SUNRISE   544 AM PDT   SUNSET   754 PM PDT
APRIL 26 2015.........SUNRISE   542 AM PDT   SUNSET   756 PM PDT


-  INDICATES NEGATIVE NUMBERS.
R  INDICATES RECORD WAS SET OR TIED.
MM INDICATES DATA IS MISSING.
T  INDICATES TRACE AMOUNT.




$$
