000
CDUS45 KLKN 060939
CLIP68


CLIMATE REPORT
NATIONAL WEATHER SERVICE ELKO NV
238 AM PDT WED MAY 6 2015


...................................

...THE EUREKA AIRPORT NV CLIMATE SUMMARY FOR MAY 5 2015...

CLIMATE NORMAL PERIOD 1981 TO 2010
CLIMATE RECORD PERIOD 1963 TO 2015


WEATHER ITEM   OBSERVED TIME   RECORD YEAR NORMAL DEPARTURE LAST
                VALUE   (LST)  VALUE       VALUE  FROM      YEAR
                                                  NORMAL
..................................................................
TEMPERATURE (F)
 YESTERDAY
  MAXIMUM         72    110 PM  82    2004  66      6       64
  MINIMUM         36    259 AM  20    1999  32      4       40
                                      1985
  AVERAGE         54                        49      5       52

PRECIPITATION (IN)
  YESTERDAY        0.00          0.61 1964   0.03  -0.03     0.07
  MONTH TO DATE    0.01                      0.14  -0.13     0.07
  SINCE OCT 1      2.38                      5.77  -3.39     6.07
  SINCE JAN 1      1.26                      3.64  -2.38     3.67

DEGREE DAYS
 HEATING
  YESTERDAY       11                        16     -5       13
  MONTH TO DATE   43                        83    -40       46
  SINCE MAR 1   1323                      1602   -279     1413
  SINCE JUL 1   5366                      6887  -1521     6217

 COOLING
  YESTERDAY        0                         0      0        0
  MONTH TO DATE    0                         0      0        0
  SINCE MAR 1      0                         0      0        0
  SINCE JAN 1      0                         0      0        0
..................................................................


WIND (MPH)
  HIGHEST WIND SPEED    24   HIGHEST WIND DIRECTION     W (290)
  HIGHEST GUST SPEED    31   HIGHEST GUST DIRECTION    NW (310)
  AVERAGE WIND SPEED     5.9




RELATIVE HUMIDITY (PERCENT)
 HIGHEST    76           300 AM
 LOWEST     20           200 PM
 AVERAGE    48

..........................................................


THE EUREKA AIRPORT NV CLIMATE NORMALS FOR TODAY
                         NORMAL    RECORD    YEAR
 MAXIMUM TEMPERATURE (F)   66        85      1989
 MINIMUM TEMPERATURE (F)   32         9      1965


SUNRISE AND SUNSET
MAY  6 2015...........SUNRISE   539 AM PDT   SUNSET   742 PM PDT
MAY  7 2015...........SUNRISE   538 AM PDT   SUNSET   743 PM PDT


-  INDICATES NEGATIVE NUMBERS.
R  INDICATES RECORD WAS SET OR TIED.
MM INDICATES DATA IS MISSING.
T  INDICATES TRACE AMOUNT.




$$
