000
CDUS42 KMFL 070823
CLIPBI


CLIMATE REPORT
NATIONAL WEATHER SERVICE MIAMI, FL
423 AM EDT THU MAY 7 2015


...................................

...THE WEST PALM BEACH CLIMATE SUMMARY FOR MAY 6 2015...

CLIMATE NORMAL PERIOD 1981 TO 2010
CLIMATE RECORD PERIOD 1888 TO 2015


WEATHER ITEM   OBSERVED TIME   RECORD YEAR NORMAL DEPARTURE LAST
                VALUE   (LST)  VALUE       VALUE  FROM      YEAR
                                                  NORMAL
..................................................................
TEMPERATURE (F)
 YESTERDAY
  MAXIMUM         83    146 PM  94    1906  84     -1       86
  MINIMUM         68   1159 PM  49    1921  69     -1       65
  AVERAGE         76                        77     -1       76

PRECIPITATION (IN)
  YESTERDAY        0.55          2.07 1890   0.09   0.46     0.00
  MONTH TO DATE    0.76                      0.50   0.26     0.31
  SINCE NOV 1     16.65                     22.83  -6.18    22.35
  SINCE JAN 1     12.95                     14.70  -1.75    15.23

SNOWFALL (IN)
  YESTERDAY        0.0
  MONTH TO DATE    0.0
  SINCE MAR 1      0.0
  SINCE JUL 1      0.0
  SNOW DEPTH       0

DEGREE DAYS
 HEATING
  YESTERDAY        0                         0      0        0
  MONTH TO DATE    0                         0      0        0
  SINCE MAR 1      2                        28    -26        7
  SINCE JUL 1    126                       233   -107      122

 COOLING
  YESTERDAY       11                        12     -1       11
  MONTH TO DATE   62                        68     -6       79
  SINCE MAR 1    849                       528    321      622
  SINCE JAN 1   1127                       763    364      968
..................................................................


WIND (MPH)
  HIGHEST WIND SPEED    20   HIGHEST WIND DIRECTION     N (10)
  HIGHEST GUST SPEED    25   HIGHEST GUST DIRECTION     N (360)
  AVERAGE WIND SPEED     9.1


SKY COVER
  AVERAGE SKY COVER 0.7


WEATHER CONDITIONS
 THE FOLLOWING WEATHER WAS RECORDED YESTERDAY.
  HEAVY RAIN
  RAIN
  LIGHT RAIN
  FOG
  HAZE


RELATIVE HUMIDITY (PERCENT)
 HIGHEST   100
 LOWEST     54
 AVERAGE    77

..........................................................


THE WEST PALM BEACH CLIMATE NORMALS FOR TODAY
                         NORMAL    RECORD    YEAR
 MAXIMUM TEMPERATURE (F)   85        95      1967
 MINIMUM TEMPERATURE (F)   69        54      1945


SUNRISE AND SUNSET
MAY  7 2015...........SUNRISE   638 AM EDT   SUNSET   756 PM EDT
MAY  8 2015...........SUNRISE   638 AM EDT   SUNSET   757 PM EDT


-  INDICATES NEGATIVE NUMBERS.
R  INDICATES RECORD WAS SET OR TIED.
MM INDICATES DATA IS MISSING.
T  INDICATES TRACE AMOUNT.




$$
