000
CDUS42 KFFC 252033
CLIPDK


CLIMATE REPORT
NATIONAL WEATHER SERVICE PEACHTREE CITY GA
433 PM EDT SAT APR 25 2015


...................................

...THE DEKALB PEACHTREE AIRPORT CLIMATE SUMMARY FOR APRIL 25 2015...
VALID TODAY AS OF 0400 PM LOCAL TIME.

CLIMATE NORMAL PERIOD 1981 TO 2010
CLIMATE RECORD PERIOD 9999 TO 9999


WEATHER ITEM   OBSERVED TIME   RECORD YEAR NORMAL DEPARTURE LAST
                VALUE   (LST)  VALUE       VALUE  FROM      YEAR
                                                  NORMAL
..................................................................
TEMPERATURE (F)
 TODAY
  MAXIMUM         78    311 PM  MM      MM  76      2       77
  MINIMUM         58    754 AM  MM      MM  52      6       60
  AVERAGE         68                        64      4       69

PRECIPITATION (IN)
  TODAY            0.51         MM      MM   0.15   0.36     0.00
  MONTH TO DATE    4.54                      2.99   1.55     5.52
  SINCE MAR 1      7.01                      7.97  -0.96     8.44

SNOWFALL (IN)
  TODAY           MM            MM      MM  MM     MM       MM
  MONTH TO DATE    0.0                      MM     MM        0.0
  SINCE MAR 1      0.0                      MM     MM        0.0
  SINCE JUL 1      T                        MM     MM         T
  SNOW DEPTH      MM

DEGREE DAYS
 HEATING
  TODAY            0                         3     -3        0
  MONTH TO DATE   65                       133    -68      156
  SINCE MAR 1    366                       501   -135      613
  SINCE JUL 1   3054                      2902    152     3261

 COOLING
  TODAY            3                         2      1        4
  MONTH TO DATE   47                        31     16       16
  SINCE MAR 1     47                        38      9       16
  SINCE JAN 1     47                        38      9       16
..................................................................


WIND (MPH)
  RESULTANT WIND SPEED   4   RESULTANT WIND DIRECTION   S (200)
  HIGHEST WIND SPEED    15   HIGHEST WIND DIRECTION    SW (220)
  HIGHEST GUST SPEED    20   HIGHEST GUST DIRECTION    SW (210)
  AVERAGE WIND SPEED     5.9


SKY COVER
  AVERAGE SKY COVER 0.8


WEATHER CONDITIONS
 THE FOLLOWING WEATHER WAS RECORDED TODAY.
  RAIN
  LIGHT RAIN
  FOG


RELATIVE HUMIDITY (PERCENT)
 HIGHEST   100           600 AM
 LOWEST     56          1200 AM
 AVERAGE    78

..........................................................


THE DEKALB PEACHTREE AIRPORT CLIMATE NORMALS FOR TOMORROW
                         NORMAL    RECORD    YEAR
 MAXIMUM TEMPERATURE (F)   76        MM        MM
 MINIMUM TEMPERATURE (F)   52        MM        MM


SUNRISE AND SUNSET
APRIL 25 2015.........SUNRISE   655 AM EDT   SUNSET   816 PM EDT
APRIL 26 2015.........SUNRISE   654 AM EDT   SUNSET   817 PM EDT


-  INDICATES NEGATIVE NUMBERS.
R  INDICATES RECORD WAS SET OR TIED.
MM INDICATES DATA IS MISSING.
T  INDICATES TRACE AMOUNT.




$$
