000
CDUS41 KPHI 270632
CLIPHL


CLIMATE REPORT
NATIONAL WEATHER SERVICE MOUNT HOLLY NJ
232 AM EDT MON APR 27 2015


...................................

...THE PHILADELPHIA PA CLIMATE SUMMARY FOR APRIL 26 2015...

CLIMATE NORMAL PERIOD 1981 TO 2010
CLIMATE RECORD PERIOD 1872 TO 2015


WEATHER ITEM   OBSERVED TIME   RECORD YEAR NORMAL DEPARTURE LAST
                VALUE   (LST)  VALUE       VALUE  FROM      YEAR
                                                  NORMAL
..................................................................
TEMPERATURE (F)
 YESTERDAY
  MAXIMUM         64    138 PM  93    2009  68     -4       72
  MINIMUM         45    232 AM  35    1967  48     -3       48
                                      1919
  AVERAGE         55                        58     -3       60

PRECIPITATION (IN)
  YESTERDAY        0.00          2.42 1977   0.11  -0.11     0.01
  MONTH TO DATE    3.58                      3.11   0.47     1.88
  SINCE MAR 1      9.10                      6.90   2.20     6.11
  SINCE JAN 1     15.98                     12.58   3.40    14.78

SNOWFALL (IN)
  YESTERDAY        0.0           0.0  1870   0.0    0.0      0.0
  MONTH TO DATE    0.0                       0.5   -0.5       T
  SINCE MAR 1     12.0                       3.4    8.6      8.5
  SINCE JUL 1     27.0                      22.4    4.6     68.0
  SNOW DEPTH       0

DEGREE DAYS
 HEATING
  YESTERDAY       10                         8      2        5
  MONTH TO DATE  266                       314    -48      291
  SINCE MAR 1   1059                       979     80     1092
  SINCE JUL 1   4712                      4461    251     4748

 COOLING
  YESTERDAY        0                         1     -1        0
  MONTH TO DATE    3                         8     -5        9
  SINCE MAR 1      3                         9     -6        9
  SINCE JAN 1      3                         9     -6        9
..................................................................


WIND (MPH)
  HIGHEST WIND SPEED    16   HIGHEST WIND DIRECTION    NE (30)
  HIGHEST GUST SPEED    22   HIGHEST GUST DIRECTION    NE (40)
  AVERAGE WIND SPEED     7.3


SKY COVER
  POSSIBLE SUNSHINE  MM
  AVERAGE SKY COVER 0.6


WEATHER CONDITIONS
 THE FOLLOWING WEATHER WAS RECORDED YESTERDAY.
  NO SIGNIFICANT WEATHER WAS OBSERVED.


RELATIVE HUMIDITY (PERCENT)
 HIGHEST    66          1200 AM
 LOWEST     25           500 PM
 AVERAGE    46

..........................................................


THE PHILADELPHIA PA CLIMATE NORMALS FOR TODAY
                         NORMAL    RECORD    YEAR
 MAXIMUM TEMPERATURE (F)   68        93      1915
 MINIMUM TEMPERATURE (F)   48        36      1967


SUNRISE AND SUNSET
APRIL 27 2015.........SUNRISE   607 AM EDT   SUNSET   751 PM EDT
APRIL 28 2015.........SUNRISE   605 AM EDT   SUNSET   752 PM EDT


-  INDICATES NEGATIVE NUMBERS.
R  INDICATES RECORD WAS SET OR TIED.
MM INDICATES DATA IS MISSING.
T  INDICATES TRACE AMOUNT.




$$
