000
CDUS41 KPHI 012137
CLIPHL


CLIMATE REPORT
NATIONAL WEATHER SERVICE MOUNT HOLLY NJ
537 PM EDT WED APR 1 2015


...................................

...THE PHILADELPHIA PA CLIMATE SUMMARY FOR APRIL 1 2015...
VALID TODAY AS OF 0500 PM LOCAL TIME.

CLIMATE NORMAL PERIOD 1981 TO 2010
CLIMATE RECORD PERIOD 1872 TO 2015


WEATHER ITEM   OBSERVED TIME   RECORD YEAR NORMAL DEPARTURE LAST
                VALUE   (LST)  VALUE       VALUE  FROM      YEAR
                                                  NORMAL
..................................................................
TEMPERATURE (F)
 TODAY
  MAXIMUM         56    359 PM  81    1978  59     -3       61
                                      1917
  MINIMUM         34    451 AM  14    1923  39     -5       37
  AVERAGE         45                        49     -4       49

PRECIPITATION (IN)
  TODAY            0.00          1.48 1948   0.13  -0.13     0.00
  MONTH TO DATE    0.00                      0.13  -0.13     0.00
  SINCE MAR 1      5.52                      3.92   1.60     4.23
  SINCE JAN 1     12.40                      9.60   2.80    12.90

SNOWFALL (IN)
  TODAY            0.0           6.6  1924   0.0    0.0      0.0
  MONTH TO DATE    0.0                       0.0    0.0      0.0
  SINCE MAR 1     12.0                       2.9    9.1      8.5
  SINCE JUL 1     27.0                      21.9    5.1     68.0
  SNOW DEPTH       0

DEGREE DAYS
 HEATING
  TODAY           20                        16      4       16
  MONTH TO DATE   20                        16      4       16
  SINCE MAR 1    813                       681    132      817
  SINCE JUL 1   4466                      4163    303     4473

 COOLING
  TODAY            0                         0      0        0
  MONTH TO DATE    0                         0      0        0
  SINCE MAR 1      0                         1     -1        0
  SINCE JAN 1      0                         1     -1        0
..................................................................


WIND (MPH)
  HIGHEST WIND SPEED    18   HIGHEST WIND DIRECTION    NW (330)
  HIGHEST GUST SPEED    26   HIGHEST GUST DIRECTION     N (350)
  AVERAGE WIND SPEED    11.0


SKY COVER
  POSSIBLE SUNSHINE  MM
  AVERAGE SKY COVER 0.1


WEATHER CONDITIONS
 THE FOLLOWING WEATHER WAS RECORDED TODAY.
  NO SIGNIFICANT WEATHER WAS OBSERVED.


RELATIVE HUMIDITY (PERCENT)
 HIGHEST    82          1200 AM
 LOWEST     24           400 PM
 AVERAGE    53

..........................................................


THE PHILADELPHIA PA CLIMATE NORMALS FOR TOMORROW
                         NORMAL    RECORD    YEAR
 MAXIMUM TEMPERATURE (F)   59        84      1967
 MINIMUM TEMPERATURE (F)   40        25      1964
                                             1919
                                             1907


SUNRISE AND SUNSET
APRIL  1 2015.........SUNRISE   645 AM EDT   SUNSET   725 PM EDT
APRIL  2 2015.........SUNRISE   644 AM EDT   SUNSET   726 PM EDT


-  INDICATES NEGATIVE NUMBERS.
R  INDICATES RECORD WAS SET OR TIED.
MM INDICATES DATA IS MISSING.
T  INDICATES TRACE AMOUNT.




$$
