000
CDUS43 KABR 190911
CLIPIR


CLIMATE REPORT
NATIONAL WEATHER SERVICE ABERDEEN SD
409 AM CDT SUN APR 19 2015


...................................

...THE PIERRE SD CLIMATE SUMMARY FOR APRIL 18 2015...

CLIMATE NORMAL PERIOD 1981 TO 2010
CLIMATE RECORD PERIOD 1892 TO 2015


WEATHER ITEM   OBSERVED TIME   RECORD YEAR NORMAL DEPARTURE LAST
                VALUE   (LST)  VALUE       VALUE  FROM      YEAR
                                                  NORMAL
..................................................................
TEMPERATURE (F)
 YESTERDAY
  MAXIMUM         57   1210 PM  90    1987  61     -4       83
  MINIMUM         46   1130 PM  16    1953  35     11       35
  AVERAGE         52                        48      4       59

PRECIPITATION (IN)
  YESTERDAY        0.17          1.04 1930   0.07   0.10     0.00
  MONTH TO DATE    0.23                      0.96  -0.73     0.07
  SINCE MAR 1      0.56                      2.19  -1.63     1.06
  SINCE JAN 1      0.91                      3.20  -2.29     1.63

SNOWFALL (IN)
  YESTERDAY        0.0           5.0  1995   0.1   -0.1      0.0
  MONTH TO DATE    0.0                       2.9   -2.9       T
  SINCE OCT 1     27.1                      30.7   -3.6     34.6
  SINCE JUL 1     27.1                      30.7   -3.6     34.6
  SNOW DEPTH       0

DEGREE DAYS
 HEATING
  YESTERDAY       13                        17     -4        6
  MONTH TO DATE  291                       371    -80      438
  SINCE MAR 1   1037                      1318   -281     1511
  SINCE JUL 1   6546                      6816   -270     7506

 COOLING
  YESTERDAY        0                         0      0        0
  MONTH TO DATE    0                         0      0        0
  SINCE MAR 1      5                         0      5        0
  SINCE JAN 1      5                         0      5        0
..................................................................


WIND (MPH)
  RESULTANT WIND SPEED   9   RESULTANT WIND DIRECTION   N (10)
  HIGHEST WIND SPEED    22   HIGHEST WIND DIRECTION    NW (330)
  HIGHEST GUST SPEED    25   HIGHEST GUST DIRECTION    NW (330)
  AVERAGE WIND SPEED    10.1




RELATIVE HUMIDITY (PERCENT)
 HIGHEST   100          1000 PM
 LOWEST     48           700 AM
 AVERAGE    74

..........................................................


THE PIERRE SD CLIMATE NORMALS FOR TODAY
                         NORMAL    RECORD    YEAR
 MAXIMUM TEMPERATURE (F)   62        88      1961
 MINIMUM TEMPERATURE (F)   36        17      1966


SUNRISE AND SUNSET
APRIL 19 2015.........SUNRISE   651 AM CDT   SUNSET   830 PM CDT
APRIL 20 2015.........SUNRISE   649 AM CDT   SUNSET   832 PM CDT


-  INDICATES NEGATIVE NUMBERS.
R  INDICATES RECORD WAS SET OR TIED.
MM INDICATES DATA IS MISSING.
T  INDICATES TRACE AMOUNT.




$$
