000
CDUS44 KMOB 060645
CLIPNS


CLIMATE REPORT
NATIONAL WEATHER SERVICE MOBILE AL
145 AM CDT WED MAY 6 2015


...................................

...THE PENSACOLA CLIMATE SUMMARY FOR MAY 5 2015...

CLIMATE NORMAL PERIOD 1981 TO 2010
CLIMATE RECORD PERIOD 1879 TO 2015


WEATHER ITEM   OBSERVED TIME   RECORD YEAR NORMAL DEPARTURE LAST
                VALUE   (LST)  VALUE       VALUE  FROM      YEAR
                                                  NORMAL
..................................................................
TEMPERATURE (F)
 YESTERDAY
  MAXIMUM         80    121 PM  92    1955  81     -1       86
  MINIMUM         63    105 AM  46    1921  63      0       67
  AVERAGE         72                        72      0       77

PRECIPITATION (IN)
  YESTERDAY        0.00          3.97 1884   0.14  -0.14     0.00
  MONTH TO DATE    0.00                      0.66  -0.66     0.07
  SINCE MAR 1     12.36                     10.79   1.57    39.38
  SINCE JAN 1     22.77                     20.48   2.29    50.71

DEGREE DAYS
 COOLING
  YESTERDAY        7                         7      0       12
  MONTH TO DATE   22                        32    -10       29
  SINCE MAR 1    323                       166    157      163
  SINCE JAN 1    330                       180    150      178
..................................................................


WIND (MPH)
  HIGHEST WIND SPEED    17   HIGHEST WIND DIRECTION    SE (150)
  HIGHEST GUST SPEED    21   HIGHEST GUST DIRECTION    SE (140)
  AVERAGE WIND SPEED     7.0


SKY COVER
  POSSIBLE SUNSHINE  MM
  AVERAGE SKY COVER 0.0


WEATHER CONDITIONS
 THE FOLLOWING WEATHER WAS RECORDED YESTERDAY.
  NO SIGNIFICANT WEATHER WAS OBSERVED.


RELATIVE HUMIDITY (PERCENT)
 HIGHEST    93           100 AM
 LOWEST     48          1100 AM
 AVERAGE    71

..........................................................


THE PENSACOLA CLIMATE NORMALS FOR TODAY
                         NORMAL    RECORD    YEAR
 MAXIMUM TEMPERATURE (F)   81        93      1963
 MINIMUM TEMPERATURE (F)   63        50      2013


SUNRISE AND SUNSET
MAY  6 2015...........SUNRISE   601 AM CDT   SUNSET   730 PM CDT
MAY  7 2015...........SUNRISE   600 AM CDT   SUNSET   731 PM CDT


-  INDICATES NEGATIVE NUMBERS.
R  INDICATES RECORD WAS SET OR TIED.
MM INDICATES DATA IS MISSING.
T  INDICATES TRACE AMOUNT.




$$
