000
CDUS46 KLOX 250120
CLIPRB


CLIMATE REPORT
NATIONAL WEATHER SERVICE LOS ANGELES/OXNARD CA
620 PM PDT FRI APR 24 2015


...................................

...THE PASO ROBLES AIRPORT CA CLIMATE SUMMARY FOR APRIL 24 2015...
VALID TODAY AS OF 0600 PM LOCAL TIME.

CLIMATE NORMAL PERIOD 1981 TO 2010
CLIMATE RECORD PERIOD 1948 TO 2015


WEATHER ITEM   OBSERVED TIME   RECORD YEAR NORMAL DEPARTURE LAST
                VALUE   (LST)  VALUE       VALUE  FROM      YEAR
                                                  NORMAL
..................................................................
TEMPERATURE (F)
 TODAY
  MAXIMUM         75    307 PM  90    1966  75      0       82
  MINIMUM         50    557 AM  32    1961  42      8       40
  AVERAGE         63                        59      4       61

PRECIPITATION (IN)
  TODAY            0.00          0.19 1967   0.02  -0.02     0.00
  MONTH TO DATE    0.43                      0.59  -0.16     0.32
  SINCE OCT 1      8.48                     12.08  -3.60     4.90
  SINCE JAN 1      2.76                      8.42  -5.66     4.44

SNOWFALL (IN)
  TODAY            0.0
  MONTH TO DATE    0.0
  SINCE MAR 1      0.0
  SINCE JUL 1      0.0

DEGREE DAYS
 HEATING
  TODAY            2                         7     -5        4
  MONTH TO DATE  159                       216    -57      113
  SINCE MAR 1    321                       582   -261      343
  SINCE JUL 1   1681                      2675   -994     2048

 COOLING
  TODAY            0                         0      0        0
  MONTH TO DATE    0                         0      0        8
  SINCE MAR 1     21                         0     21        8
  SINCE JAN 1     21                         0     21        8
..................................................................


WIND (MPH)
  HIGHEST WIND SPEED    21   HIGHEST WIND DIRECTION    NW (310)
  HIGHEST GUST SPEED    24   HIGHEST GUST DIRECTION    NW (310)
  AVERAGE WIND SPEED     9.7


SKY COVER
  POSSIBLE SUNSHINE  MM
  AVERAGE SKY COVER 0.5


WEATHER CONDITIONS
 THE FOLLOWING WEATHER WAS RECORDED TODAY.
  NO SIGNIFICANT WEATHER WAS OBSERVED.


RELATIVE HUMIDITY (PERCENT)
 HIGHEST    80           500 AM
 LOWEST      9           400 PM
 AVERAGE    45

..........................................................


THE PASO ROBLES AIRPORT CA CLIMATE NORMALS FOR TOMORROW
                         NORMAL    RECORD    YEAR
 MAXIMUM TEMPERATURE (F)   75        94      2004
 MINIMUM TEMPERATURE (F)   42        31      1971


SUNRISE AND SUNSET
APRIL 24 2015.........SUNRISE   619 AM PDT   SUNSET   743 PM PDT
APRIL 25 2015.........SUNRISE   617 AM PDT   SUNSET   744 PM PDT


-  INDICATES NEGATIVE NUMBERS.
R  INDICATES RECORD WAS SET OR TIED.
MM INDICATES DATA IS MISSING.
T  INDICATES TRACE AMOUNT.




$$
