000
CDUS46 KPDT 070058 RRA
CLIPSC

CLIMATE REPORT
NATIONAL WEATHER SERVICE PENDLETON OR
545 PM PDT WED MAY 6 2015


...................................

...THE PASCO WA CLIMATE SUMMARY FOR MAY 6 2015...
VALID TODAY AS OF 0500 PM LOCAL TIME.

CLIMATE NORMAL PERIOD 1981 TO 2010
CLIMATE RECORD PERIOD 1948 TO 2015


WEATHER ITEM   OBSERVED TIME   RECORD YEAR NORMAL DEPARTURE LAST
                VALUE   (LST)  VALUE       VALUE  FROM      YEAR
                                                  NORMAL
..................................................................
TEMPERATURE (F)
 TODAY
  MAXIMUM         68    301 PM 100    1992  73     -5       72
  MINIMUM         34    514 AM  30    2002  42     -8       38
  AVERAGE         51                        58     -7       55

PRECIPITATION (IN)
  TODAY            0.00          0.38 1980   0.02  -0.02      T
  MONTH TO DATE    0.00                      0.11  -0.11     0.03
  SINCE OCT 1      4.29                      6.58  -2.29     2.70
  SINCE JAN 1      1.92                      3.63  -1.71     2.12

SNOWFALL (IN)
  TODAY            0.0
  SNOW DEPTH       0

DEGREE DAYS
 HEATING
  TODAY           14                         8      6       10
  MONTH TO DATE   44                        50     -6       21
  SINCE MAR 1    872                       991   -119      905
  SINCE JUL 1   4328                      4874   -546     5134

 COOLING
  TODAY            0                         0      0        0
  MONTH TO DATE    0                         0      0        2
  SINCE MAR 1      0                         1     -1        2
  SINCE JAN 1      0                         1     -1        2
..................................................................


WIND (MPH)
  RESULTANT WIND SPEED   2   RESULTANT WIND DIRECTION  NW (330)
  HIGHEST WIND SPEED    24   HIGHEST WIND DIRECTION     N (340)
  HIGHEST GUST SPEED    29   HIGHEST GUST DIRECTION     N (360)


SKY COVER
  POSSIBLE SUNSHINE  MM
  AVERAGE SKY COVER 0.0


WEATHER CONDITIONS
 THE FOLLOWING WEATHER WAS RECORDED TODAY.
  NO SIGNIFICANT WEATHER WAS OBSERVED.


RELATIVE HUMIDITY (PERCENT)
 HIGHEST    82
 LOWEST     26
 AVERAGE    54

..........................................................


THE PASCO WA CLIMATE NORMALS FOR TOMORROW
                         NORMAL    RECORD    YEAR
 MAXIMUM TEMPERATURE (F)   74        96      1992
 MINIMUM TEMPERATURE (F)   43        30      2010
                                             2003


SUNRISE AND SUNSET
MAY  6 2015...........SUNRISE   536 AM PDT   SUNSET   811 PM PDT
MAY  7 2015...........SUNRISE   534 AM PDT   SUNSET   813 PM PDT


-  INDICATES NEGATIVE NUMBERS.
R  INDICATES RECORD WAS SET OR TIED.
MM INDICATES DATA IS MISSING.
T  INDICATES TRACE AMOUNT.




$$
