000
CDUS46 KSTO 030837
CLIRDD

CLIMATE REPORT
NATIONAL WEATHER SERVICE SACRAMENTO, CA
136 AM PDT SUN MAY 3 2015


........................................................

...THE REDDING AIRPORT CA CLIMATE SUMMARY FOR MAY 2 2015...

CLIMATE NORMAL PERIOD 1981 TO 2010
CLIMATE RECORD PERIOD 1986 TO 2015


WEATHER ITEM   OBSERVED RECORD YEAR NORMAL DEPARTURE LAST
                VALUE   VALUE       VALUE  FROM      YEAR
                                           NORMAL
...........................................................
TEMPERATURE (F)
 YESTERDAY
  MAXIMUM         89     93    2004  76     13       87
  MINIMUM         56     42    2012  50      6       52
  AVERAGE         73

PRECIPITATION (IN)
  YESTERDAY        0.00   1.02 2007   0.07  -0.07     0.00
  MONTH TO DATE    0.00               0.13  -0.13     0.00
  SINCE OCT 1     22.13              31.30  -9.17    16.23
  SINCE JAN 1      5.88              18.45 -12.57    14.12

SNOWFALL (IN)
  YESTERDAY        0.0   MM      MM  MM               0.0
  MONTH TO DATE    0.0               MM               0.0
  SINCE MAR 1      0.0               MM               0.0
  SINCE JUL 1      0.0               MM               5.0

DEGREE DAYS
 HEATING
  YESTERDAY        0

 COOLING
  YESTERDAY        8
...........................................................


WIND (MPH)
  RESULTANT WIND SPEED   2   RESULTANT WIND DIRECTION   S (160)
  HIGHEST WIND SPEED    15   HIGHEST WIND DIRECTION     S (160)
  HIGHEST GUST SPEED    18   HIGHEST GUST DIRECTION    SE (150)


SKY COVER
  POSSIBLE SUNSHINE  MM
  AVERAGE SKY COVER 0.0


WEATHER CONDITIONS
 THE FOLLOWING WEATHER WAS RECORDED YESTERDAY.
  HAZE


RELATIVE HUMIDITY (PERCENT)
 HIGHEST    67
 LOWEST     18
 AVERAGE    43

..........................................................


THE REDDING AIRPORT CA CLIMATE NORMALS FOR TODAY
                         NORMAL    RECORD    YEAR
 MAXIMUM TEMPERATURE (F)   76        95      2013
                                             1992
 MINIMUM TEMPERATURE (F)   50        40      2007
                                             1996


SUNRISE AND SUNSET
MAY  3 2015...........SUNRISE   606 AM PDT   SUNSET   807 PM PDT
MAY  4 2015...........SUNRISE   605 AM PDT   SUNSET   808 PM PDT


-  INDICATES NEGATIVE NUMBERS.
R  INDICATES RECORD WAS SET OR TIED.
MM INDICATES DATA IS MISSING.
T  INDICATES TRACE AMOUNT.


&&
....................................................................

REDDING CITY CLIMATE DATA FOR MAY 02

CLIMATE RECORD PERIOD 1897-1986

RECORD HIGH..............     93 IN 1968
RECORD LOW...............     34 IN 1908

RECORD RAINFALL..........   0.79 IN 1941

$$

NNNN
